Last updated on 2019-11-26 00:51:56 CET.
Flavor | Version | Tinstall | Tcheck | Ttotal | Status | Flags |
---|---|---|---|---|---|---|
r-devel-linux-x86_64-debian-clang | 0.2.2 | 4.00 | 31.02 | 35.02 | OK | |
r-devel-linux-x86_64-debian-gcc | 0.2.2 | 2.55 | 24.28 | 26.83 | OK | |
r-devel-linux-x86_64-fedora-clang | 0.2.2 | 40.81 | OK | |||
r-devel-linux-x86_64-fedora-gcc | 0.2.2 | 40.06 | OK | |||
r-devel-windows-ix86+x86_64 | 0.2.2 | 3.00 | 7.00 | 10.00 | OK | |
r-devel-windows-ix86+x86_64-gcc8 | 0.2.2 | 24.00 | 54.00 | 78.00 | OK | |
r-patched-linux-x86_64 | 0.2.2 | 2.59 | 30.13 | 32.72 | OK | |
r-patched-solaris-x86 | 0.2.2 | 59.60 | OK | |||
r-release-linux-x86_64 | 0.2.2 | 2.58 | 30.59 | 33.17 | OK | |
r-release-windows-ix86+x86_64 | 0.2.2 | 25.00 | 52.00 | 77.00 | OK | |
r-release-osx-x86_64 | 0.2.2 | ERROR | ||||
r-oldrel-windows-ix86+x86_64 | 0.2.2 | 30.00 | 70.00 | 100.00 | OK | |
r-oldrel-osx-x86_64 | 0.2.2 | OK |
Version: 0.2.2
Check: tests
Result: ERROR
Running ‘testthat.R’ [0s/1s]
Running the tests in ‘tests/testthat.R’ failed.
Complete output:
> library(testthat)
Error: package or namespace load failed for 'testthat' in loadNamespace(i, c(lib.loc, .libPaths()), versionCheck = vI[[i]]):
there is no package called 'rlang'
Execution halted
Flavor: r-release-osx-x86_64