Last updated on 2019-11-26 00:51:56 CET.
Flavor | Version | Tinstall | Tcheck | Ttotal | Status | Flags |
---|---|---|---|---|---|---|
r-devel-linux-x86_64-debian-clang | 1.1-1.1 | 2.85 | 24.77 | 27.62 | OK | |
r-devel-linux-x86_64-debian-gcc | 1.1-1.1 | 2.11 | 18.84 | 20.95 | OK | |
r-devel-linux-x86_64-fedora-clang | 1.1-1.1 | 32.74 | OK | |||
r-devel-linux-x86_64-fedora-gcc | 1.1-1.1 | 31.21 | OK | |||
r-devel-windows-ix86+x86_64 | 1.1-1.1 | 11.00 | 46.00 | 57.00 | OK | |
r-devel-windows-ix86+x86_64-gcc8 | 1.1-1.1 | 10.00 | 33.00 | 43.00 | OK | |
r-patched-linux-x86_64 | 1.1-1.1 | 2.56 | 23.73 | 26.29 | OK | |
r-patched-solaris-x86 | 1.1-1.1 | 46.60 | OK | |||
r-release-linux-x86_64 | 1.1-1.1 | 2.54 | 23.70 | 26.24 | OK | |
r-release-windows-ix86+x86_64 | 1.1-1.1 | 9.00 | 35.00 | 44.00 | OK | |
r-release-osx-x86_64 | 1.1-1.1 | OK | ||||
r-oldrel-windows-ix86+x86_64 | 1.1-1.1 | 3.00 | 46.00 | 49.00 | FAIL | |
r-oldrel-osx-x86_64 | 1.1-1.1 | OK |
Version: 1.1-1.1
Check: package dependencies
Result: FAIL
Flavor: r-oldrel-windows-ix86+x86_64