Last updated on 2019-11-26 00:51:56 CET.
Flavor | Version | Tinstall | Tcheck | Ttotal | Status | Flags |
---|---|---|---|---|---|---|
r-devel-linux-x86_64-debian-clang | 0.3 | 2.21 | 45.45 | 47.66 | OK | |
r-devel-linux-x86_64-debian-gcc | 0.3 | 2.10 | 34.12 | 36.22 | OK | |
r-devel-linux-x86_64-fedora-clang | 0.3 | 53.69 | NOTE | |||
r-devel-linux-x86_64-fedora-gcc | 0.3 | 54.14 | NOTE | |||
r-devel-windows-ix86+x86_64 | 0.3 | 14.00 | 70.00 | 84.00 | OK | |
r-devel-windows-ix86+x86_64-gcc8 | 0.3 | 9.00 | 52.00 | 61.00 | OK | |
r-patched-linux-x86_64 | 0.3 | 2.22 | 42.14 | 44.36 | OK | |
r-patched-solaris-x86 | 0.3 | 72.60 | NOTE | |||
r-release-linux-x86_64 | 0.3 | 2.14 | 42.96 | 45.10 | OK | |
r-release-windows-ix86+x86_64 | 0.3 | 10.00 | 49.00 | 59.00 | OK | |
r-release-osx-x86_64 | 0.3 | NOTE | ||||
r-oldrel-windows-ix86+x86_64 | 0.3 | 5.00 | 70.00 | 75.00 | OK | |
r-oldrel-osx-x86_64 | 0.3 | NOTE |
Version: 0.3
Check: dependencies in R code
Result: NOTE
Namespace in Imports field not imported from: ‘lazyeval’
All declared Imports should be used.
Flavors: r-devel-linux-x86_64-fedora-clang, r-devel-linux-x86_64-fedora-gcc, r-patched-solaris-x86, r-release-osx-x86_64, r-oldrel-osx-x86_64