Last updated on 2019-11-26 00:51:56 CET.
Flavor | Version | Tinstall | Tcheck | Ttotal | Status | Flags |
---|---|---|---|---|---|---|
r-devel-linux-x86_64-debian-clang | 1.0.0 | 4.96 | 38.04 | 43.00 | OK | |
r-devel-linux-x86_64-debian-gcc | 1.0.0 | 4.05 | 29.39 | 33.44 | OK | |
r-devel-linux-x86_64-fedora-clang | 1.0.0 | 48.98 | OK | |||
r-devel-linux-x86_64-fedora-gcc | 1.0.0 | 47.76 | OK | |||
r-devel-windows-ix86+x86_64 | 1.0.0 | 30.00 | 76.00 | 106.00 | OK | |
r-devel-windows-ix86+x86_64-gcc8 | 1.0.0 | 15.00 | 54.00 | 69.00 | OK | |
r-patched-linux-x86_64 | 1.0.0 | 4.53 | 36.19 | 40.72 | OK | |
r-patched-solaris-x86 | 1.0.0 | 73.20 | NOTE | |||
r-release-linux-x86_64 | 1.0.0 | 5.61 | 36.33 | 41.94 | OK | |
r-release-windows-ix86+x86_64 | 1.0.0 | 22.00 | 56.00 | 78.00 | OK | |
r-release-osx-x86_64 | 1.0.0 | OK | ||||
r-oldrel-windows-ix86+x86_64 | 1.0.0 | 11.00 | 58.00 | 69.00 | OK | |
r-oldrel-osx-x86_64 | 1.0.0 | OK |
Version: 1.0.0
Check: installed package size
Result: NOTE
installed size is 5.5Mb
sub-directories of 1Mb or more:
htmlwidgets 4.2Mb
Flavor: r-patched-solaris-x86