CRAN Package Check Results for Package lsa

Last updated on 2019-11-26 00:51:56 CET.

Flavor Version Tinstall Tcheck Ttotal Status Flags
r-devel-linux-x86_64-debian-clang 0.73.1 3.85 32.67 36.52 NOTE
r-devel-linux-x86_64-debian-gcc 0.73.1 3.16 26.77 29.93 NOTE
r-devel-linux-x86_64-fedora-clang 0.73.1 42.99 NOTE
r-devel-linux-x86_64-fedora-gcc 0.73.1 43.30 NOTE
r-devel-windows-ix86+x86_64 0.73.1 11.00 62.00 73.00 NOTE
r-devel-windows-ix86+x86_64-gcc8 0.73.1 8.00 47.00 55.00 NOTE
r-patched-linux-x86_64 0.73.1 3.03 31.87 34.90 NOTE
r-patched-solaris-x86 0.73.1 63.70 NOTE
r-release-linux-x86_64 0.73.1 3.54 32.50 36.04 NOTE
r-release-windows-ix86+x86_64 0.73.1 9.00 49.00 58.00 NOTE
r-release-osx-x86_64 0.73.1 NOTE
r-oldrel-windows-ix86+x86_64 0.73.1 4.00 57.00 61.00 NOTE
r-oldrel-osx-x86_64 0.73.1 NOTE

Check Details

Version: 0.73.1
Check: R code for possible problems
Result: NOTE
    associate: no visible global function definition for 'cor'
    textmatrix: no visible global function definition for 'xtabs'
    textvector: no visible global function definition for 'data'
    Undefined global functions or variables:
     cor data xtabs
    Consider adding
     importFrom("stats", "cor", "xtabs")
     importFrom("utils", "data")
    to your NAMESPACE file.
Flavors: r-devel-linux-x86_64-debian-clang, r-devel-linux-x86_64-debian-gcc, r-devel-linux-x86_64-fedora-clang, r-devel-linux-x86_64-fedora-gcc, r-devel-windows-ix86+x86_64, r-devel-windows-ix86+x86_64-gcc8, r-patched-linux-x86_64, r-patched-solaris-x86, r-release-linux-x86_64, r-release-windows-ix86+x86_64, r-release-osx-x86_64, r-oldrel-windows-ix86+x86_64, r-oldrel-osx-x86_64

Version: 0.73.1
Check: data for non-ASCII characters
Result: NOTE
     Note: found 143 marked Latin-1 strings
     Note: found 833 marked UTF-8 strings
Flavors: r-devel-linux-x86_64-fedora-clang, r-devel-linux-x86_64-fedora-gcc, r-patched-solaris-x86, r-release-osx-x86_64, r-oldrel-osx-x86_64