CRAN Package Check Results for Package ltsbase

Last updated on 2019-11-26 00:51:56 CET.

Flavor Version Tinstall Tcheck Ttotal Status Flags
r-devel-linux-x86_64-debian-clang 1.0.1 2.64 23.83 26.47 NOTE
r-devel-linux-x86_64-debian-gcc 1.0.1 2.17 19.00 21.17 NOTE
r-devel-linux-x86_64-fedora-clang 1.0.1 31.12 NOTE
r-devel-linux-x86_64-fedora-gcc 1.0.1 30.17 NOTE
r-devel-windows-ix86+x86_64 1.0.1 8.00 48.00 56.00 NOTE
r-devel-windows-ix86+x86_64-gcc8 1.0.1 7.00 35.00 42.00 NOTE
r-patched-linux-x86_64 1.0.1 2.21 23.15 25.36 NOTE
r-patched-solaris-x86 1.0.1 47.70 NOTE
r-release-linux-x86_64 1.0.1 2.46 23.52 25.98 NOTE
r-release-windows-ix86+x86_64 1.0.1 7.00 35.00 42.00 NOTE
r-release-osx-x86_64 1.0.1 NOTE
r-oldrel-windows-ix86+x86_64 1.0.1 2.00 44.00 46.00 NOTE
r-oldrel-osx-x86_64 1.0.1 NOTE

Check Details

Version: 1.0.1
Check: dependencies in R code
Result: NOTE
    'library' or 'require' calls to packages already attached by Depends:
     'MASS' 'robustbase'
     Please remove these calls from your code.
Flavors: r-devel-linux-x86_64-debian-clang, r-devel-linux-x86_64-debian-gcc, r-devel-linux-x86_64-fedora-clang, r-devel-linux-x86_64-fedora-gcc, r-devel-windows-ix86+x86_64, r-devel-windows-ix86+x86_64-gcc8, r-patched-linux-x86_64, r-patched-solaris-x86, r-release-linux-x86_64, r-release-windows-ix86+x86_64, r-release-osx-x86_64, r-oldrel-windows-ix86+x86_64, r-oldrel-osx-x86_64

Version: 1.0.1
Check: R code for possible problems
Result: NOTE
    ltsbase: no visible global function definition for 'lm'
    ltsbase: no visible global function definition for 'lines'
    ltsbase: no visible global function definition for 'legend'
    Undefined global functions or variables:
     legend lines lm
    Consider adding
     importFrom("graphics", "legend", "lines")
     importFrom("stats", "lm")
    to your NAMESPACE file.
Flavors: r-devel-linux-x86_64-debian-clang, r-devel-linux-x86_64-debian-gcc, r-devel-linux-x86_64-fedora-clang, r-devel-linux-x86_64-fedora-gcc, r-devel-windows-ix86+x86_64, r-devel-windows-ix86+x86_64-gcc8, r-patched-linux-x86_64, r-patched-solaris-x86, r-release-linux-x86_64, r-release-windows-ix86+x86_64, r-release-osx-x86_64, r-oldrel-windows-ix86+x86_64, r-oldrel-osx-x86_64