CRAN Package Check Results for Package lutz

Last updated on 2019-11-26 00:51:56 CET.

Flavor Version Tinstall Tcheck Ttotal Status Flags
r-devel-linux-x86_64-debian-clang 0.3.1 25.44 50.11 75.55 OK
r-devel-linux-x86_64-debian-gcc 0.3.1 19.62 40.11 59.73 OK
r-devel-linux-x86_64-fedora-clang 0.3.1 94.40 OK
r-devel-linux-x86_64-fedora-gcc 0.3.1 91.23 OK
r-devel-windows-ix86+x86_64 0.3.1 55.00 153.00 208.00 NOTE
r-devel-windows-ix86+x86_64-gcc8 0.3.1 57.00 112.00 169.00 NOTE
r-patched-linux-x86_64 0.3.1 20.52 48.56 69.08 OK
r-patched-solaris-x86 0.3.1 145.80 OK
r-release-linux-x86_64 0.3.1 19.81 50.06 69.87 OK
r-release-windows-ix86+x86_64 0.3.1 57.00 114.00 171.00 NOTE
r-release-osx-x86_64 0.3.1 OK
r-oldrel-windows-ix86+x86_64 0.3.1 38.00 151.00 189.00 NOTE
r-oldrel-osx-x86_64 0.3.1 OK

Check Details

Version: 0.3.1
Check: installed package size
Result: NOTE
     installed size is 5.8Mb
     sub-directories of 1Mb or more:
     R 4.0Mb
     libs 1.6Mb
Flavors: r-devel-windows-ix86+x86_64, r-devel-windows-ix86+x86_64-gcc8, r-release-windows-ix86+x86_64, r-oldrel-windows-ix86+x86_64