CRAN Package Check Results for Package lvnet

Last updated on 2019-11-26 00:51:56 CET.

Flavor Version Tinstall Tcheck Ttotal Status Flags
r-devel-linux-x86_64-debian-clang 0.3.5 18.34 141.72 160.06 OK
r-devel-linux-x86_64-debian-gcc 0.3.5 15.00 105.91 120.91 OK
r-devel-linux-x86_64-fedora-clang 0.3.5 176.65 OK
r-devel-linux-x86_64-fedora-gcc 0.3.5 173.99 OK
r-devel-windows-ix86+x86_64 0.3.5 63.00 197.00 260.00 OK
r-devel-windows-ix86+x86_64-gcc8 0.3.5 40.00 135.00 175.00 OK
r-patched-linux-x86_64 0.3.5 14.93 130.31 145.24 OK
r-patched-solaris-x86 0.3.5 273.70 ERROR
r-release-linux-x86_64 0.3.5 18.58 131.11 149.69 OK
r-release-windows-ix86+x86_64 0.3.5 68.00 216.00 284.00 OK
r-release-osx-x86_64 0.3.5 OK
r-oldrel-windows-ix86+x86_64 0.3.5 23.00 143.00 166.00 OK
r-oldrel-osx-x86_64 0.3.5 OK

Check Details

Version: 0.3.5
Check: examples
Result: ERROR
    Running examples in ‘lvnet-Ex.R’ failed
    The error most likely occurred in:
    
    > ### Name: lvnet
    > ### Title: Confirmatory Latent Variable Network Models
    > ### Aliases: lvnet
    >
    > ### ** Examples
    >
    > # Load dataset:
    > library("lavaan")
    This is lavaan 0.6-5
    lavaan is BETA software! Please report any bugs.
    
    Attaching package: ‘lavaan’
    
    The following object is masked from ‘package:OpenMx’:
    
     vech
    
    > data(HolzingerSwineford1939)
    > Data <- HolzingerSwineford1939[,7:15]
    >
    > # Measurement model:
    > Lambda <- matrix(0, 9, 3)
    > Lambda[1:3,1] <- NA
    > Lambda[4:6,2] <- NA
    > Lambda[7:9,3] <- NA
    >
    > # Fit CFA model:
    > CFA <- lvnet(Data, lambda = Lambda)
    Error: C stack usage 333878420 is too close to the limit
    Error: The job for model 'model' exited abnormally with the error message: User interrupt
    Execution halted
Flavor: r-patched-solaris-x86