CRAN Package Check Results for Package mHMMbayes

Last updated on 2019-11-26 00:51:57 CET.

Flavor Version Tinstall Tcheck Ttotal Status Flags
r-devel-linux-x86_64-debian-clang 0.1.1 9.97 171.47 181.44 OK
r-devel-linux-x86_64-debian-gcc 0.1.1 8.11 125.54 133.65 OK
r-devel-linux-x86_64-fedora-clang 0.1.1 203.85 WARN
r-devel-linux-x86_64-fedora-gcc 0.1.1 196.41 WARN
r-devel-windows-ix86+x86_64 0.1.1 27.00 208.00 235.00 OK
r-devel-windows-ix86+x86_64-gcc8 0.1.1 18.00 174.00 192.00 OK
r-patched-linux-x86_64 0.1.1 8.89 163.79 172.68 OK
r-patched-solaris-x86 0.1.1 273.40 OK
r-release-linux-x86_64 0.1.1 9.23 163.94 173.17 OK
r-release-windows-ix86+x86_64 0.1.1 25.00 170.00 195.00 OK
r-release-osx-x86_64 0.1.1 OK
r-oldrel-windows-ix86+x86_64 0.1.1 10.00 221.00 231.00 OK
r-oldrel-osx-x86_64 0.1.1 OK

Check Details

Version: 0.1.1
Check: re-building of vignette outputs
Result: WARN
    Error(s) in re-building vignettes:
    --- re-building ‘estimation-mhmm.Rmd’ using rmarkdown
    ! LaTeX Error: Environment cslreferences undefined.
    
    Error: processing vignette 'estimation-mhmm.Rmd' failed with diagnostics:
    Failed to compile estimation-mhmm.tex. See https://yihui.name/tinytex/r/#debugging for debugging tips. See estimation-mhmm.log for more info.
    --- failed re-building ‘estimation-mhmm.Rmd’
    
    --- re-building ‘tutorial-mhmm.Rmd’ using rmarkdown
    Warning in doTryCatch(return(expr), name, parentenv, handler) :
     "parameter" is not a graphical parameter
    Warning in doTryCatch(return(expr), name, parentenv, handler) :
     "parameter" is not a graphical parameter
    Warning in doTryCatch(return(expr), name, parentenv, handler) :
     "parameter" is not a graphical parameter
    Warning in doTryCatch(return(expr), name, parentenv, handler) :
     "parameter" is not a graphical parameter
    Warning in doTryCatch(return(expr), name, parentenv, handler) :
     "parameter" is not a graphical parameter
    Warning in doTryCatch(return(expr), name, parentenv, handler) :
     "parameter" is not a graphical parameter
    Warning in doTryCatch(return(expr), name, parentenv, handler) :
     "parameter" is not a graphical parameter
    Warning in doTryCatch(return(expr), name, parentenv, handler) :
     "parameter" is not a graphical parameter
    Warning in doTryCatch(return(expr), name, parentenv, handler) :
     "parameter" is not a graphical parameter
    Warning in doTryCatch(return(expr), name, parentenv, handler) :
     "parameter" is not a graphical parameter
    Warning in doTryCatch(return(expr), name, parentenv, handler) :
     "parameter" is not a graphical parameter
    Warning in doTryCatch(return(expr), name, parentenv, handler) :
     "parameter" is not a graphical parameter
    --- finished re-building ‘tutorial-mhmm.Rmd’
    
    SUMMARY: processing the following file failed:
     ‘estimation-mhmm.Rmd’
    
    Error: Vignette re-building failed.
    Execution halted
Flavors: r-devel-linux-x86_64-fedora-clang, r-devel-linux-x86_64-fedora-gcc