Last updated on 2019-11-26 00:51:57 CET.
Flavor | Version | Tinstall | Tcheck | Ttotal | Status | Flags |
---|---|---|---|---|---|---|
r-devel-linux-x86_64-debian-clang | 0.4.1 | 4.30 | 34.87 | 39.17 | OK | |
r-devel-linux-x86_64-debian-gcc | 0.4.1 | 3.43 | 27.35 | 30.78 | OK | |
r-devel-linux-x86_64-fedora-clang | 0.4.1 | 44.46 | OK | |||
r-devel-linux-x86_64-fedora-gcc | 0.4.1 | 45.57 | OK | |||
r-devel-windows-ix86+x86_64 | 0.4.1 | 8.00 | 7.00 | 15.00 | ERROR | |
r-devel-windows-ix86+x86_64-gcc8 | 0.4.1 | 9.00 | 6.00 | 15.00 | ERROR | |
r-patched-linux-x86_64 | 0.4.1 | 3.56 | 33.62 | 37.18 | OK | |
r-patched-solaris-x86 | 0.4.1 | 73.70 | OK | |||
r-release-linux-x86_64 | 0.4.1 | 3.45 | 33.61 | 37.06 | OK | |
r-release-windows-ix86+x86_64 | 0.4.1 | 19.00 | 47.00 | 66.00 | OK | |
r-release-osx-x86_64 | 0.4.1 | OK | ||||
r-oldrel-windows-ix86+x86_64 | 0.4.1 | 4.00 | 64.00 | 68.00 | OK | |
r-oldrel-osx-x86_64 | 0.4.1 | OK |
Version: 0.4.1
Check: whether package can be installed
Result: ERROR
Installation failed.
Flavors: r-devel-windows-ix86+x86_64, r-devel-windows-ix86+x86_64-gcc8