Last updated on 2019-11-26 00:51:57 CET.
Flavor | Version | Tinstall | Tcheck | Ttotal | Status | Flags |
---|---|---|---|---|---|---|
r-devel-linux-x86_64-debian-clang | 0.4.0 | 9.54 | 85.54 | 95.08 | OK | |
r-devel-linux-x86_64-debian-gcc | 0.4.0 | 7.31 | 64.73 | 72.04 | OK | |
r-devel-linux-x86_64-fedora-clang | 0.4.0 | 106.89 | NOTE | |||
r-devel-linux-x86_64-fedora-gcc | 0.4.0 | 105.63 | NOTE | |||
r-devel-windows-ix86+x86_64 | 0.4.0 | 45.00 | 170.00 | 215.00 | OK | |
r-devel-windows-ix86+x86_64-gcc8 | 0.4.0 | 30.00 | 114.00 | 144.00 | OK | |
r-patched-linux-x86_64 | 0.4.0 | 8.92 | 79.20 | 88.12 | OK | |
r-patched-solaris-x86 | 0.4.0 | 154.00 | NOTE | |||
r-release-linux-x86_64 | 0.4.0 | 7.67 | 79.63 | 87.30 | OK | |
r-release-windows-ix86+x86_64 | 0.4.0 | 39.00 | 162.00 | 201.00 | OK | |
r-release-osx-x86_64 | 0.4.0 | NOTE | ||||
r-oldrel-windows-ix86+x86_64 | 0.4.0 | 12.00 | 115.00 | 127.00 | OK | |
r-oldrel-osx-x86_64 | 0.4.0 | NOTE |
Version: 0.4.0
Check: data for non-ASCII characters
Result: NOTE
Note: found 164 marked UTF-8 strings
Flavors: r-devel-linux-x86_64-fedora-clang, r-devel-linux-x86_64-fedora-gcc, r-patched-solaris-x86, r-release-osx-x86_64, r-oldrel-osx-x86_64