Last updated on 2019-11-26 00:51:57 CET.
Flavor | Version | Tinstall | Tcheck | Ttotal | Status | Flags |
---|---|---|---|---|---|---|
r-devel-linux-x86_64-debian-clang | 0.55.0 | 169.78 | 186.57 | 356.35 | OK | |
r-devel-linux-x86_64-debian-gcc | 0.55.0 | 109.36 | 143.46 | 252.82 | OK | |
r-devel-linux-x86_64-fedora-clang | 0.55.0 | 450.76 | NOTE | |||
r-devel-linux-x86_64-fedora-gcc | 0.55.0 | 414.56 | OK | |||
r-devel-windows-ix86+x86_64 | 0.55.0 | 412.00 | 432.00 | 844.00 | NOTE | |
r-devel-windows-ix86+x86_64-gcc8 | 0.55.0 | 448.00 | 330.00 | 778.00 | NOTE | |
r-patched-linux-x86_64 | 0.55.0 | 115.53 | 175.36 | 290.89 | OK | |
r-patched-solaris-x86 | 0.55.0 | 898.00 | NOTE | |||
r-release-linux-x86_64 | 0.55.0 | 115.00 | 180.39 | 295.39 | OK | |
r-release-windows-ix86+x86_64 | 0.55.0 | 426.00 | 331.00 | 757.00 | NOTE | |
r-release-osx-x86_64 | 0.55.0 | NOTE | ||||
r-oldrel-windows-ix86+x86_64 | 0.55.0 | 391.00 | 458.00 | 849.00 | NOTE | |
r-oldrel-osx-x86_64 | 0.55.0 | NOTE |
Version: 0.55.0
Check: installed package size
Result: NOTE
installed size is 11.3Mb
sub-directories of 1Mb or more:
libs 10.5Mb
Flavors: r-devel-linux-x86_64-fedora-clang, r-devel-windows-ix86+x86_64, r-devel-windows-ix86+x86_64-gcc8, r-patched-solaris-x86, r-release-windows-ix86+x86_64, r-release-osx-x86_64, r-oldrel-windows-ix86+x86_64, r-oldrel-osx-x86_64