Last updated on 2019-11-26 00:51:57 CET.
Flavor | Version | Tinstall | Tcheck | Ttotal | Status | Flags |
---|---|---|---|---|---|---|
r-devel-linux-x86_64-debian-clang | 5.4.5 | 38.18 | 216.46 | 254.64 | OK | |
r-devel-linux-x86_64-debian-gcc | 5.4.5 | 30.93 | 152.50 | 183.43 | OK | |
r-devel-linux-x86_64-fedora-clang | 5.4.5 | 292.94 | NOTE | |||
r-devel-linux-x86_64-fedora-gcc | 5.4.5 | 293.59 | OK | |||
r-devel-windows-ix86+x86_64 | 5.4.5 | 83.00 | 339.00 | 422.00 | NOTE | |
r-devel-windows-ix86+x86_64-gcc8 | 5.4.5 | 88.00 | 303.00 | 391.00 | NOTE | |
r-patched-linux-x86_64 | 5.4.5 | 33.86 | 208.10 | 241.96 | OK | |
r-patched-solaris-x86 | 5.4.5 | 400.50 | NOTE | |||
r-release-linux-x86_64 | 5.4.5 | 36.34 | 209.81 | 246.15 | OK | |
r-release-windows-ix86+x86_64 | 5.4.5 | 83.00 | 302.00 | 385.00 | NOTE | |
r-release-osx-x86_64 | 5.4.5 | NOTE | ||||
r-oldrel-windows-ix86+x86_64 | 5.4.5 | 63.00 | 374.00 | 437.00 | NOTE | |
r-oldrel-osx-x86_64 | 5.4.5 | NOTE |
Version: 5.4.5
Check: installed package size
Result: NOTE
installed size is 5.8Mb
sub-directories of 1Mb or more:
doc 3.0Mb
Flavors: r-devel-linux-x86_64-fedora-clang, r-devel-windows-ix86+x86_64, r-devel-windows-ix86+x86_64-gcc8, r-patched-solaris-x86, r-release-windows-ix86+x86_64, r-release-osx-x86_64, r-oldrel-windows-ix86+x86_64, r-oldrel-osx-x86_64
Version: 5.4.5
Check: R code for possible problems
Result: NOTE
surfacePlot : <anonymous>: no visible global function definition for
'hcl.colors'
Undefined global functions or variables:
hcl.colors
Flavors: r-oldrel-windows-ix86+x86_64, r-oldrel-osx-x86_64