Last updated on 2019-11-26 00:51:57 CET.
Flavor | Version | Tinstall | Tcheck | Ttotal | Status | Flags |
---|---|---|---|---|---|---|
r-devel-linux-x86_64-debian-clang | 0.1.7 | 17.11 | 105.80 | 122.91 | OK | |
r-devel-linux-x86_64-debian-gcc | 0.1.7 | 15.64 | 84.99 | 100.63 | OK | |
r-devel-linux-x86_64-fedora-clang | 0.1.7 | 145.79 | NOTE | |||
r-devel-linux-x86_64-fedora-gcc | 0.1.7 | 147.76 | NOTE | |||
r-devel-windows-ix86+x86_64 | 0.1.7 | 60.00 | 167.00 | 227.00 | NOTE | |
r-devel-windows-ix86+x86_64-gcc8 | 0.1.7 | 34.00 | 114.00 | 148.00 | NOTE | |
r-patched-linux-x86_64 | 0.1.7 | 18.51 | 100.18 | 118.69 | OK | |
r-patched-solaris-x86 | 0.1.7 | 232.30 | NOTE | |||
r-release-linux-x86_64 | 0.1.7 | 16.50 | 101.68 | 118.18 | OK | |
r-release-windows-ix86+x86_64 | 0.1.7 | 48.00 | 161.00 | 209.00 | NOTE | |
r-release-osx-x86_64 | 0.1.7 | NOTE | ||||
r-oldrel-windows-ix86+x86_64 | 0.1.7 | 25.00 | 152.00 | 177.00 | NOTE | |
r-oldrel-osx-x86_64 | 0.1.7 | NOTE |
Version: 0.1.7
Check: installed package size
Result: NOTE
installed size is 5.5Mb
sub-directories of 1Mb or more:
data 5.4Mb
Flavors: r-devel-linux-x86_64-fedora-clang, r-devel-windows-ix86+x86_64, r-devel-windows-ix86+x86_64-gcc8, r-patched-solaris-x86, r-release-windows-ix86+x86_64, r-release-osx-x86_64, r-oldrel-windows-ix86+x86_64, r-oldrel-osx-x86_64
Version: 0.1.7
Check: data for non-ASCII characters
Result: NOTE
Note: found 2694 marked UTF-8 strings
Flavors: r-devel-linux-x86_64-fedora-clang, r-devel-linux-x86_64-fedora-gcc, r-patched-solaris-x86, r-release-osx-x86_64, r-oldrel-osx-x86_64