CRAN Package Check Results for Package memapp

Last updated on 2019-11-26 00:51:57 CET.

Flavor Version Tinstall Tcheck Ttotal Status Flags
r-devel-linux-x86_64-debian-clang 2.13 3.27 26.42 29.69 OK
r-devel-linux-x86_64-debian-gcc 2.13 2.59 21.45 24.04 OK
r-devel-linux-x86_64-fedora-clang 2.13 34.99 NOTE
r-devel-linux-x86_64-fedora-gcc 2.13 34.71 NOTE
r-devel-windows-ix86+x86_64 2.13 19.00 60.00 79.00 OK
r-devel-windows-ix86+x86_64-gcc8 2.13 10.00 43.00 53.00 OK
r-patched-linux-x86_64 2.13 2.93 25.81 28.74 OK
r-patched-solaris-x86 2.13 60.80 NOTE
r-release-linux-x86_64 2.13 2.75 26.06 28.81 OK
r-release-windows-ix86+x86_64 2.13 16.00 65.00 81.00 OK
r-release-osx-x86_64 2.13 NOTE
r-oldrel-windows-ix86+x86_64 2.13 4.00 44.00 48.00 OK
r-oldrel-osx-x86_64 2.13 NOTE

Check Details

Version: 2.13
Check: dependencies in R code
Result: NOTE
    Namespaces in Imports field not imported from:
     ‘DT’ ‘RColorBrewer’ ‘RODBC’ ‘dplyr’ ‘foreign’ ‘formattable’ ‘ggplot2’
     ‘haven’ ‘mem’ ‘openxlsx’ ‘plotly’ ‘readxl’ ‘shinyBS’ ‘shinyWidgets’
     ‘shinydashboard’ ‘shinyjs’ ‘shinythemes’ ‘stringi’ ‘stringr’ ‘tidyr’
     All declared Imports should be used.
Flavors: r-devel-linux-x86_64-fedora-clang, r-devel-linux-x86_64-fedora-gcc, r-patched-solaris-x86, r-release-osx-x86_64, r-oldrel-osx-x86_64