CRAN Package Check Results for Package metagen

Last updated on 2019-11-26 00:51:57 CET.

Flavor Version Tinstall Tcheck Ttotal Status Flags
r-devel-linux-x86_64-debian-clang 1.0 11.70 117.02 128.72 NOTE
r-devel-linux-x86_64-debian-gcc 1.0 9.88 88.91 98.79 NOTE
r-devel-linux-x86_64-fedora-clang 1.0 144.21 NOTE
r-devel-linux-x86_64-fedora-gcc 1.0 140.89 NOTE
r-devel-windows-ix86+x86_64 1.0 45.00 163.00 208.00 ERROR
r-devel-windows-ix86+x86_64-gcc8 1.0 23.00 113.00 136.00 NOTE
r-patched-linux-x86_64 1.0 11.84 109.59 121.43 NOTE
r-patched-solaris-x86 1.0 206.80 NOTE
r-release-linux-x86_64 1.0 10.84 111.96 122.80 NOTE
r-release-windows-ix86+x86_64 1.0 37.00 115.00 152.00 NOTE
r-release-osx-x86_64 1.0 NOTE
r-oldrel-windows-ix86+x86_64 1.0 14.00 151.00 165.00 NOTE
r-oldrel-osx-x86_64 1.0 NOTE

Check Details

Version: 1.0
Check: R code for possible problems
Result: NOTE
    bcgVaccineData: no visible global function definition for 'data'
    bcgVaccineData: no visible global function definition for 'qnorm'
    hConfidence: no visible global function definition for 'qchisq'
    intervalEstimates_OneSgnf : crt: no visible global function definition
     for 'qt'
    intervalEstimates_OneSgnf: no visible binding for global variable
     'qnorm'
    metagenGeneralised: no visible binding for global variable 'quantile'
    performancePointH : property: no visible global function definition for
     'var'
    performancePointR : property: no visible global function definition for
     'var'
    pfunc : pfun: no visible global function definition for 'uniroot'
    pivotalStream: no visible global function definition for 'rchisq'
    pivotalStream : <anonymous>: no visible global function definition for
     'rchisq'
    pivotalStream: no visible global function definition for 'rnorm'
    rBinomGauss: no visible global function definition for 'rnorm'
    rBinomGauss: no visible global function definition for 'rbinom'
    rD: no visible global function definition for 'rchisq'
    rY: no visible global function definition for 'rnorm'
    render: no visible global function definition for 'pdf'
    render: no visible global function definition for 'dev.off'
    renderSVG: no visible global function definition for 'svg'
    renderSVG: no visible global function definition for 'dev.off'
    Undefined global functions or variables:
     data dev.off pdf qchisq qnorm qt quantile rbinom rchisq rnorm svg
     uniroot var
    Consider adding
     importFrom("grDevices", "dev.off", "pdf", "svg")
     importFrom("stats", "qchisq", "qnorm", "qt", "quantile", "rbinom",
     "rchisq", "rnorm", "uniroot", "var")
     importFrom("utils", "data")
    to your NAMESPACE file.
Flavors: r-devel-linux-x86_64-debian-clang, r-devel-linux-x86_64-debian-gcc, r-devel-linux-x86_64-fedora-clang, r-devel-linux-x86_64-fedora-gcc, r-devel-windows-ix86+x86_64-gcc8, r-patched-linux-x86_64, r-patched-solaris-x86, r-release-linux-x86_64, r-release-windows-ix86+x86_64, r-release-osx-x86_64, r-oldrel-windows-ix86+x86_64, r-oldrel-osx-x86_64

Version: 1.0
Check: whether package can be installed
Result: ERROR
    Installation failed.
Flavor: r-devel-windows-ix86+x86_64