Last updated on 2019-11-26 00:51:58 CET.
Flavor | Version | Tinstall | Tcheck | Ttotal | Status | Flags |
---|---|---|---|---|---|---|
r-devel-linux-x86_64-debian-clang | 1.1.0 | 169.15 | 56.90 | 226.05 | NOTE | |
r-devel-linux-x86_64-debian-gcc | 1.1.0 | 114.38 | 51.36 | 165.74 | NOTE | |
r-devel-linux-x86_64-fedora-clang | 1.1.0 | 308.02 | NOTE | |||
r-devel-linux-x86_64-fedora-gcc | 1.1.0 | 298.23 | NOTE | |||
r-devel-windows-ix86+x86_64 | 1.1.0 | 403.00 | 153.00 | 556.00 | NOTE | |
r-devel-windows-ix86+x86_64-gcc8 | 1.1.0 | 448.00 | 109.00 | 557.00 | NOTE | |
r-patched-linux-x86_64 | 1.1.0 | 127.35 | 61.32 | 188.67 | NOTE | |
r-patched-solaris-x86 | 1.1.0 | 267.10 | NOTE | |||
r-release-linux-x86_64 | 1.1.0 | 125.56 | 61.82 | 187.38 | NOTE | |
r-release-windows-ix86+x86_64 | 1.1.0 | 374.00 | 106.00 | 480.00 | NOTE | |
r-release-osx-x86_64 | 1.1.0 | NOTE | ||||
r-oldrel-windows-ix86+x86_64 | 1.1.0 | 255.00 | 129.00 | 384.00 | NOTE | |
r-oldrel-osx-x86_64 | 1.1.0 | NOTE |
Version: 1.1.0
Check: files in ‘vignettes’
Result: NOTE
The following directory looks like a leftover from 'knitr':
'figure'
Please remove from your package.
Flavors: r-devel-linux-x86_64-debian-clang, r-devel-linux-x86_64-debian-gcc, r-devel-linux-x86_64-fedora-clang, r-devel-linux-x86_64-fedora-gcc, r-devel-windows-ix86+x86_64, r-devel-windows-ix86+x86_64-gcc8, r-patched-linux-x86_64, r-patched-solaris-x86, r-release-linux-x86_64, r-release-windows-ix86+x86_64, r-release-osx-x86_64, r-oldrel-windows-ix86+x86_64, r-oldrel-osx-x86_64
Version: 1.1.0
Check: installed package size
Result: NOTE
installed size is 5.5Mb
sub-directories of 1Mb or more:
libs 4.9Mb
Flavor: r-devel-linux-x86_64-fedora-clang
Version: 1.1.0
Check: compiled code
Result: NOTE
File ‘mixedMem/libs/mixedMem.so’:
Found no calls to: ‘R_registerRoutines’, ‘R_useDynamicSymbols’
It is good practice to register native routines and to disable symbol
search.
See ‘Writing portable packages’ in the ‘Writing R Extensions’ manual.
Flavors: r-devel-linux-x86_64-fedora-clang, r-devel-linux-x86_64-fedora-gcc