CRAN Package Check Results for Package mixsqp

Last updated on 2019-11-26 00:51:58 CET.

Flavor Version Tinstall Tcheck Ttotal Status Flags
r-devel-linux-x86_64-debian-clang 0.2-2 33.05 78.29 111.34 OK
r-devel-linux-x86_64-debian-gcc 0.2-2 24.63 60.64 85.27 OK
r-devel-linux-x86_64-fedora-clang 0.2-2 144.22 OK
r-devel-linux-x86_64-fedora-gcc 0.2-2 138.73 OK
r-devel-windows-ix86+x86_64 0.2-2 88.00 145.00 233.00 OK
r-devel-windows-ix86+x86_64-gcc8 0.2-2 87.00 139.00 226.00 OK
r-patched-linux-x86_64 0.2-2 26.47 79.43 105.90 OK
r-patched-solaris-x86 0.2-2 2006.20 WARN
r-release-linux-x86_64 0.2-2 25.65 77.69 103.34 OK
r-release-windows-ix86+x86_64 0.2-2 79.00 127.00 206.00 NOTE
r-release-osx-x86_64 0.2-2 OK
r-oldrel-windows-ix86+x86_64 0.2-2 52.00 154.00 206.00 NOTE
r-oldrel-osx-x86_64 0.2-2 OK

Additional issues

ATLAS

Check Details

Version: 0.2-2
Check: package dependencies
Result: NOTE
    Packages suggested but not available for checking: 'REBayes', 'Rmosek'
Flavor: r-patched-solaris-x86

Version: 0.2-2
Check: Rd cross-references
Result: NOTE
    Packages unavailable to check Rd xrefs: ‘REBayes’, ‘Rmosek’
Flavor: r-patched-solaris-x86

Version: 0.2-2
Check: re-building of vignette outputs
Result: WARN
    Error(s) in re-building vignettes:
     ...
    --- re-building ‘mixsqp-intro.Rmd’ using rmarkdown
    Warning in engine$weave(file, quiet = quiet, encoding = enc) :
     Pandoc (>= 1.12.3) and/or pandoc-citeproc not available. Falling back to R Markdown v1.
Flavor: r-patched-solaris-x86

Version: 0.2-2
Check: package dependencies
Result: NOTE
    Package suggested but not available for checking: 'REBayes'
Flavors: r-release-windows-ix86+x86_64, r-oldrel-windows-ix86+x86_64

Version: 0.2-2
Check: Rd cross-references
Result: NOTE
    Package unavailable to check Rd xrefs: 'REBayes'
Flavors: r-release-windows-ix86+x86_64, r-oldrel-windows-ix86+x86_64