Last updated on 2019-11-26 00:51:58 CET.
Flavor | Version | Tinstall | Tcheck | Ttotal | Status | Flags |
---|---|---|---|---|---|---|
r-devel-linux-x86_64-debian-clang | 1.4.0 | 11.14 | 69.90 | 81.04 | OK | |
r-devel-linux-x86_64-debian-gcc | 1.4.0 | 7.94 | 55.22 | 63.16 | OK | |
r-devel-linux-x86_64-fedora-clang | 1.4.0 | 88.77 | NOTE | |||
r-devel-linux-x86_64-fedora-gcc | 1.4.0 | 89.62 | NOTE | |||
r-devel-windows-ix86+x86_64 | 1.4.0 | 27.00 | 103.00 | 130.00 | OK | |
r-devel-windows-ix86+x86_64-gcc8 | 1.4.0 | 19.00 | 79.00 | 98.00 | OK | |
r-patched-linux-x86_64 | 1.4.0 | 8.87 | 66.89 | 75.76 | OK | |
r-patched-solaris-x86 | 1.4.0 | 136.10 | NOTE | |||
r-release-linux-x86_64 | 1.4.0 | 8.96 | 67.51 | 76.47 | OK | |
r-release-windows-ix86+x86_64 | 1.4.0 | 25.00 | 72.00 | 97.00 | OK | |
r-release-osx-x86_64 | 1.4.0 | NOTE | ||||
r-oldrel-windows-ix86+x86_64 | 1.4.0 | 10.00 | 97.00 | 107.00 | OK | |
r-oldrel-osx-x86_64 | 1.4.0 | NOTE |
Version: 1.4.0
Check: dependencies in R code
Result: NOTE
Namespace in Imports field not imported from: ‘xml2’
All declared Imports should be used.
Flavors: r-devel-linux-x86_64-fedora-clang, r-devel-linux-x86_64-fedora-gcc, r-patched-solaris-x86, r-release-osx-x86_64, r-oldrel-osx-x86_64