CRAN Package Check Results for Package mlr3pipelines

Last updated on 2019-11-26 00:51:58 CET.

Flavor Version Tinstall Tcheck Ttotal Status Flags
r-devel-linux-x86_64-debian-clang 0.1.1 41.87 487.75 529.62 OK
r-devel-linux-x86_64-debian-gcc 0.1.1 34.37 536.77 571.14 OK
r-devel-linux-x86_64-fedora-clang 0.1.1 461.96 OK
r-devel-linux-x86_64-fedora-gcc 0.1.1 400.74 OK
r-devel-windows-ix86+x86_64 0.1.1 66.00 283.00 349.00 OK
r-devel-windows-ix86+x86_64-gcc8 0.1.1 45.00 250.00 295.00 OK
r-patched-linux-x86_64 0.1.1 40.83 487.05 527.88 OK
r-patched-solaris-x86 0.1.1 411.70 WARN
r-release-linux-x86_64 0.1.1 41.27 501.13 542.40 OK
r-release-windows-ix86+x86_64 0.1.1 64.00 323.00 387.00 OK
r-release-osx-x86_64 0.1.1 WARN
r-oldrel-windows-ix86+x86_64 0.1.1 39.00 315.00 354.00 OK
r-oldrel-osx-x86_64 0.1.1 WARN

Check Details

Version: 0.1.1
Check: re-building of vignette outputs
Result: WARN
    Error(s) in re-building vignettes:
     ...
    --- re-building ‘comparison_mlr3pipelines_mlr_sklearn.Rmd’ using rmarkdown
    Warning in engine$weave(file, quiet = quiet, encoding = enc) :
     Pandoc (>= 1.12.3) and/or pandoc-citeproc not available. Falling back to R Markdown v1.
    --- finished re-building ‘comparison_mlr3pipelines_mlr_sklearn.Rmd’
    
    --- re-building ‘introduction.Rmd’ using rmarkdown
    Warning in engine$weave(file, quiet = quiet, encoding = enc) :
     Pandoc (>= 1.12.3) and/or pandoc-citeproc not available. Falling back to R Markdown v1.
    Quitting from lines 172-173 (introduction.Rmd)
    Error: processing vignette 'introduction.Rmd' failed with diagnostics:
    there is no package called 'webshot'
    --- failed re-building ‘introduction.Rmd’
    
    SUMMARY: processing the following file failed:
     ‘introduction.Rmd’
    
    Error: Vignette re-building failed.
    Execution halted
Flavor: r-patched-solaris-x86

Version: 0.1.1
Check: re-building of vignette outputs
Result: WARN
    Error(s) in re-building vignettes:
     ...
    --- re-building ‘comparison_mlr3pipelines_mlr_sklearn.Rmd’ using rmarkdown
    Warning in engine$weave(file, quiet = quiet, encoding = enc) :
     Pandoc (>= 1.12.3) and/or pandoc-citeproc not available. Falling back to R Markdown v1.
    --- finished re-building ‘comparison_mlr3pipelines_mlr_sklearn.Rmd’
    
    --- re-building ‘introduction.Rmd’ using rmarkdown
    Warning in engine$weave(file, quiet = quiet, encoding = enc) :
     Pandoc (>= 1.12.3) and/or pandoc-citeproc not available. Falling back to R Markdown v1.
    Warning in png::readPNG(path, native = TRUE, info = TRUE) :
     libpng warning: iCCP: CRC error
    Quitting from lines 172-173 (introduction.Rmd)
    Error: processing vignette 'introduction.Rmd' failed with diagnostics:
    cannot open the connection
    --- failed re-building ‘introduction.Rmd’
    
    SUMMARY: processing the following file failed:
     ‘introduction.Rmd’
    
    Error: Vignette re-building failed.
    Execution halted
Flavor: r-release-osx-x86_64

Version: 0.1.1
Check: re-building of vignette outputs
Result: WARN
    Error in re-building vignettes:
     ...
    Warning in engine$weave(file, quiet = quiet, encoding = enc) :
     Pandoc (>= 1.12.3) and/or pandoc-citeproc not available. Falling back to R Markdown v1.
    Warning in engine$weave(file, quiet = quiet, encoding = enc) :
     Pandoc (>= 1.12.3) and/or pandoc-citeproc not available. Falling back to R Markdown v1.
    Warning in png::readPNG(path, native = TRUE, info = TRUE) :
     libpng warning: iCCP: CRC error
    Quitting from lines 172-173 (introduction.Rmd)
    Error: processing vignette 'introduction.Rmd' failed with diagnostics:
    cannot open the connection
    Execution halted
Flavor: r-oldrel-osx-x86_64