Last updated on 2019-11-26 00:51:58 CET.
Flavor | Version | Tinstall | Tcheck | Ttotal | Status | Flags |
---|---|---|---|---|---|---|
r-devel-linux-x86_64-debian-clang | 9.0-0 | 27.34 | 184.33 | 211.67 | OK | |
r-devel-linux-x86_64-debian-gcc | 9.0-0 | 23.30 | 138.94 | 162.24 | OK | |
r-devel-linux-x86_64-fedora-clang | 9.0-0 | 235.32 | NOTE | |||
r-devel-linux-x86_64-fedora-gcc | 9.0-0 | 227.50 | NOTE | |||
r-devel-windows-ix86+x86_64 | 9.0-0 | 56.00 | 186.00 | 242.00 | OK | |
r-devel-windows-ix86+x86_64-gcc8 | 9.0-0 | 60.00 | 166.00 | 226.00 | OK | |
r-patched-linux-x86_64 | 9.0-0 | 26.78 | 174.08 | 200.86 | OK | |
r-patched-solaris-x86 | 9.0-0 | 313.40 | NOTE | |||
r-release-linux-x86_64 | 9.0-0 | 25.15 | 172.92 | 198.07 | OK | |
r-release-windows-ix86+x86_64 | 9.0-0 | 55.00 | 161.00 | 216.00 | OK | |
r-release-osx-x86_64 | 9.0-0 | NOTE | ||||
r-oldrel-windows-ix86+x86_64 | 9.0-0 | 30.00 | 150.00 | 180.00 | OK | |
r-oldrel-osx-x86_64 | 9.0-0 | NOTE |
Version: 9.0-0
Check: dependencies in R code
Result: NOTE
Namespace in Imports field not imported from: ‘plotrix’
All declared Imports should be used.
Flavors: r-devel-linux-x86_64-fedora-clang, r-devel-linux-x86_64-fedora-gcc, r-patched-solaris-x86, r-release-osx-x86_64, r-oldrel-osx-x86_64