Last updated on 2019-11-26 00:51:58 CET.
Flavor | Version | Tinstall | Tcheck | Ttotal | Status | Flags |
---|---|---|---|---|---|---|
r-devel-linux-x86_64-debian-clang | 0.6-17 | 7.41 | 31.63 | 39.04 | NOTE | |
r-devel-linux-x86_64-debian-gcc | 0.6-17 | 5.49 | 25.56 | 31.05 | NOTE | |
r-devel-linux-x86_64-fedora-clang | 0.6-17 | 48.34 | NOTE | |||
r-devel-linux-x86_64-fedora-gcc | 0.6-17 | 47.30 | NOTE | |||
r-devel-windows-ix86+x86_64 | 0.6-17 | 19.00 | 56.00 | 75.00 | NOTE | |
r-devel-windows-ix86+x86_64-gcc8 | 0.6-17 | 24.00 | 53.00 | 77.00 | NOTE | |
r-patched-linux-x86_64 | 0.6-17 | 6.57 | 30.95 | 37.52 | NOTE | |
r-patched-solaris-x86 | 0.6-17 | 69.20 | NOTE | |||
r-release-linux-x86_64 | 0.6-17 | 6.29 | 31.26 | 37.55 | NOTE | |
r-release-windows-ix86+x86_64 | 0.6-17 | 19.00 | 75.00 | 94.00 | NOTE | |
r-release-osx-x86_64 | 0.6-17 | NOTE | ||||
r-oldrel-windows-ix86+x86_64 | 0.6-17 | 12.00 | 45.00 | 57.00 | OK | |
r-oldrel-osx-x86_64 | 0.6-17 | OK |
Version: 0.6-17
Check: top-level files
Result: NOTE
Found a 'configure.in' file: 'configure.ac' has long been preferred.
Output from running autoreconf:
aclocal: warning: autoconf input should be named 'configure.ac', not 'configure.in'
Flavors: r-devel-linux-x86_64-debian-clang, r-devel-linux-x86_64-debian-gcc, r-devel-linux-x86_64-fedora-clang, r-devel-linux-x86_64-fedora-gcc, r-patched-linux-x86_64, r-release-linux-x86_64
Version: 0.6-17
Check: top-level files
Result: NOTE
Found a 'configure.in' file: 'configure.ac' has long been preferred.
Flavors: r-devel-windows-ix86+x86_64, r-devel-windows-ix86+x86_64-gcc8, r-patched-solaris-x86, r-release-windows-ix86+x86_64, r-release-osx-x86_64