Last updated on 2019-11-26 00:51:58 CET.
Flavor | Version | Tinstall | Tcheck | Ttotal | Status | Flags |
---|---|---|---|---|---|---|
r-devel-linux-x86_64-debian-clang | 1.5.2 | 8.55 | 163.67 | 172.22 | NOTE | |
r-devel-linux-x86_64-debian-gcc | 1.5.2 | 6.97 | 133.78 | 140.75 | NOTE | |
r-devel-linux-x86_64-fedora-clang | 1.5.2 | 213.25 | NOTE | |||
r-devel-linux-x86_64-fedora-gcc | 1.5.2 | 213.22 | NOTE | |||
r-devel-windows-ix86+x86_64 | 1.5.2 | 23.00 | 210.00 | 233.00 | NOTE | |
r-devel-windows-ix86+x86_64-gcc8 | 1.5.2 | 20.00 | 165.00 | 185.00 | NOTE | |
r-patched-linux-x86_64 | 1.5.2 | 7.33 | 163.75 | 171.08 | NOTE | |
r-patched-solaris-x86 | 1.5.2 | 346.40 | NOTE | |||
r-release-linux-x86_64 | 1.5.2 | 6.31 | 164.90 | 171.21 | NOTE | |
r-release-windows-ix86+x86_64 | 1.5.2 | 19.00 | 170.00 | 189.00 | NOTE | |
r-release-osx-x86_64 | 1.5.2 | NOTE | ||||
r-oldrel-windows-ix86+x86_64 | 1.5.2 | 9.00 | 212.00 | 221.00 | NOTE | |
r-oldrel-osx-x86_64 | 1.5.2 | NOTE |
Version: 1.5.2
Check: R code for possible problems
Result: NOTE
anova.modTempEff : anova.glmlist1 : <anonymous>: no visible global
function definition for 'formula'
anova.modTempEff : stat.anova1: no visible global function definition
for 'pchisq'
anova.modTempEff : stat.anova1: no visible global function definition
for 'pf'
plot.modTempEff: no visible global function definition for 'lines'
plot.modTempEff: no visible global function definition for 'plot'
plot.modTempEff: no visible global function definition for 'dev.new'
plot.modTempEff: no visible global function definition for 'par'
plot.modTempEff: no visible global function definition for 'qnorm'
plot.modTempEff: no visible global function definition for 'matplot'
plot.modTempEff: no visible global function definition for 'polygon'
plot.modTempEff: no visible global function definition for 'abline'
plot.modTempEff: no visible global function definition for 'legend'
plot.modTempEff: no visible global function definition for 'matlines'
summary.modTempEff: no visible global function definition for 'terms'
tempeff: no visible global function definition for 'model.response'
tempeff: no visible global function definition for 'model.matrix'
tempeff: no visible binding for global variable 'contrasts'
tempeff: no visible global function definition for 'terms'
tempeff: no visible global function definition for 'update.formula'
tempeff: no visible global function definition for 'as.formula'
tempeff: no visible global function definition for 'glm.fit'
tempeff: no visible global function definition for 'poisson'
tempeff: no visible global function definition for 'coef'
tempeff: no visible global function definition for 'glm.control'
tempeff: no visible global function definition for 'flush.console'
tempeff.fit: no visible global function definition for 'poisson'
Undefined global functions or variables:
abline as.formula coef contrasts dev.new flush.console formula
glm.control glm.fit legend lines matlines matplot model.matrix
model.response par pchisq pf plot poisson polygon qnorm terms
update.formula
Consider adding
importFrom("grDevices", "dev.new")
importFrom("graphics", "abline", "legend", "lines", "matlines",
"matplot", "par", "plot", "polygon")
importFrom("stats", "as.formula", "coef", "contrasts", "formula",
"glm.control", "glm.fit", "model.matrix", "model.response",
"pchisq", "pf", "poisson", "qnorm", "terms",
"update.formula")
importFrom("utils", "flush.console")
to your NAMESPACE file.
Flavors: r-devel-linux-x86_64-debian-clang, r-devel-linux-x86_64-debian-gcc, r-devel-linux-x86_64-fedora-clang, r-devel-linux-x86_64-fedora-gcc, r-devel-windows-ix86+x86_64, r-devel-windows-ix86+x86_64-gcc8, r-patched-linux-x86_64, r-patched-solaris-x86, r-release-linux-x86_64, r-release-windows-ix86+x86_64, r-release-osx-x86_64, r-oldrel-windows-ix86+x86_64, r-oldrel-osx-x86_64