CRAN Package Check Results for Package moveHMM

Last updated on 2019-11-26 00:51:58 CET.

Flavor Version Tinstall Tcheck Ttotal Status Flags
r-devel-linux-x86_64-debian-clang 1.7 57.50 107.68 165.18 WARN
r-devel-linux-x86_64-debian-gcc 1.7 40.96 129.57 170.53 OK
r-devel-linux-x86_64-fedora-clang 1.7 293.80 OK
r-devel-linux-x86_64-fedora-gcc 1.7 270.65 OK
r-devel-windows-ix86+x86_64 1.7 165.00 316.00 481.00 OK
r-devel-windows-ix86+x86_64-gcc8 1.7 112.00 255.00 367.00 OK
r-patched-linux-x86_64 1.7 42.44 162.44 204.88 OK
r-patched-solaris-x86 1.7 374.30 OK
r-release-linux-x86_64 1.7 42.94 165.25 208.19 OK
r-release-windows-ix86+x86_64 1.7 120.00 239.00 359.00 OK
r-release-osx-x86_64 1.7 OK
r-oldrel-windows-ix86+x86_64 1.7 81.00 315.00 396.00 OK
r-oldrel-osx-x86_64 1.7 OK

Check Details

Version: 1.7
Check: re-building of vignette outputs
Result: WARN
    Error(s) in re-building vignettes:
     ...
    --- re-building 'moveHMM-custom-plots.Rnw' using knitr
    Loading required package: CircStats
    Loading required package: MASS
    Loading required package: boot
    --- finished re-building 'moveHMM-custom-plots.Rnw'
    
    --- re-building 'moveHMM-guide.Rnw' using knitr
    Warning in CI(m) :
     Some of the parameter estimates seem to lie close to the boundaries of their parameter space.
     The associated CIs are probably unreliable (or might not be computable).
    Warning: 'mode(width)' and 'mode(height)' differ between new and previous
     ==> NOT changing 'width' & 'height'
    Warning: 'mode(width)' and 'mode(height)' differ between new and previous
     ==> NOT changing 'width' & 'height'
    Warning: 'mode(width)' and 'mode(height)' differ between new and previous
     ==> NOT changing 'width' & 'height'
    Warning: 'mode(width)' and 'mode(height)' differ between new and previous
     ==> NOT changing 'width' & 'height'
    Warning: 'mode(width)' and 'mode(height)' differ between new and previous
     ==> NOT changing 'width' & 'height'
    Note: Some angles are equal to pi, and the corresponding pseudo-residuals are not included
    Warning: 'mode(width)' and 'mode(height)' differ between new and previous
     ==> NOT changing 'width' & 'height'
    --- finished re-building 'moveHMM-guide.Rnw'
    
    --- re-building 'moveHMM-starting-values.Rnw' using knitr
    Quitting from lines 329-348 (moveHMM-starting-values.Rnw)
    Error: processing vignette 'moveHMM-starting-values.Rnw' failed with diagnostics:
    cannot open the connection to 'https://www.datarepository.movebank.org/bitstream/handle/10255/move.373/Elliptical%20Time-Density%20Model%20%28Wall%20et%20al.%202014%29%20African%20Elephant%20Dataset%20%28Source-Save%20the%20Elephants%29.csv'
    --- failed re-building 'moveHMM-starting-values.Rnw'
    
    SUMMARY: processing the following file failed:
     'moveHMM-starting-values.Rnw'
    
    Error: Vignette re-building failed.
    Execution halted
Flavor: r-devel-linux-x86_64-debian-clang