Last updated on 2019-11-26 00:51:58 CET.
Flavor | Version | Tinstall | Tcheck | Ttotal | Status | Flags |
---|---|---|---|---|---|---|
r-devel-linux-x86_64-debian-clang | 0.1.0 | 1.93 | 44.44 | 46.37 | OK | |
r-devel-linux-x86_64-debian-gcc | 0.1.0 | 1.85 | 33.54 | 35.39 | OK | |
r-devel-linux-x86_64-fedora-clang | 0.1.0 | 57.83 | NOTE | |||
r-devel-linux-x86_64-fedora-gcc | 0.1.0 | 53.76 | NOTE | |||
r-devel-windows-ix86+x86_64 | 0.1.0 | 8.00 | 68.00 | 76.00 | OK | |
r-devel-windows-ix86+x86_64-gcc8 | 0.1.0 | 10.00 | 53.00 | 63.00 | OK | |
r-patched-linux-x86_64 | 0.1.0 | 1.98 | 45.10 | 47.08 | OK | |
r-patched-solaris-x86 | 0.1.0 | 111.70 | NOTE | |||
r-release-linux-x86_64 | 0.1.0 | 1.91 | 43.57 | 45.48 | OK | |
r-release-windows-ix86+x86_64 | 0.1.0 | 10.00 | 68.00 | 78.00 | OK | |
r-release-osx-x86_64 | 0.1.0 | NOTE | ||||
r-oldrel-windows-ix86+x86_64 | 0.1.0 | 2.00 | 72.00 | 74.00 | OK | |
r-oldrel-osx-x86_64 | 0.1.0 | NOTE |
Version: 0.1.0
Check: dependencies in R code
Result: NOTE
Namespace in Imports field not imported from: ‘methods’
All declared Imports should be used.
Flavors: r-devel-linux-x86_64-fedora-clang, r-devel-linux-x86_64-fedora-gcc, r-patched-solaris-x86, r-release-osx-x86_64, r-oldrel-osx-x86_64