Last updated on 2019-11-26 00:51:58 CET.
Flavor | Version | Tinstall | Tcheck | Ttotal | Status | Flags |
---|---|---|---|---|---|---|
r-devel-linux-x86_64-debian-clang | 0.1.3 | 359.43 | 58.27 | 417.70 | OK | |
r-devel-linux-x86_64-debian-gcc | 0.1.3 | 270.31 | 45.35 | 315.66 | OK | |
r-devel-linux-x86_64-fedora-clang | 0.1.3 | 596.89 | NOTE | |||
r-devel-linux-x86_64-fedora-gcc | 0.1.3 | 581.11 | OK | |||
r-devel-windows-ix86+x86_64 | 0.1.3 | 952.00 | 217.00 | 1169.00 | NOTE | |
r-devel-windows-ix86+x86_64-gcc8 | 0.1.3 | 699.00 | 174.00 | 873.00 | NOTE | |
r-patched-linux-x86_64 | 0.1.3 | 285.21 | 56.87 | 342.08 | OK | |
r-patched-solaris-x86 | 0.1.3 | 433.20 | OK | |||
r-release-linux-x86_64 | 0.1.3 | 284.82 | 57.96 | 342.78 | OK | |
r-release-windows-ix86+x86_64 | 0.1.3 | 879.00 | 171.00 | 1050.00 | NOTE | |
r-release-osx-x86_64 | 0.1.3 | NOTE | ||||
r-oldrel-windows-ix86+x86_64 | 0.1.3 | 631.00 | 217.00 | 848.00 | NOTE | |
r-oldrel-osx-x86_64 | 0.1.3 | NOTE |
Version: 0.1.3
Check: installed package size
Result: NOTE
installed size is 18.1Mb
sub-directories of 1Mb or more:
help 1.0Mb
libs 17.0Mb
Flavors: r-devel-linux-x86_64-fedora-clang, r-devel-windows-ix86+x86_64, r-devel-windows-ix86+x86_64-gcc8, r-release-windows-ix86+x86_64, r-release-osx-x86_64, r-oldrel-windows-ix86+x86_64, r-oldrel-osx-x86_64