Last updated on 2019-11-26 00:51:59 CET.
Flavor | Version | Tinstall | Tcheck | Ttotal | Status | Flags |
---|---|---|---|---|---|---|
r-devel-linux-x86_64-debian-clang | 0.1.1 | 6.34 | 42.10 | 48.44 | OK | |
r-devel-linux-x86_64-debian-gcc | 0.1.1 | 5.36 | 32.38 | 37.74 | OK | |
r-devel-linux-x86_64-fedora-clang | 0.1.1 | 55.68 | NOTE | |||
r-devel-linux-x86_64-fedora-gcc | 0.1.1 | 53.59 | NOTE | |||
r-devel-windows-ix86+x86_64 | 0.1.1 | 29.00 | 76.00 | 105.00 | OK | |
r-devel-windows-ix86+x86_64-gcc8 | 0.1.1 | 14.00 | 59.00 | 73.00 | OK | |
r-patched-linux-x86_64 | 0.1.1 | 6.40 | 40.20 | 46.60 | OK | |
r-patched-solaris-x86 | 0.1.1 | 80.80 | NOTE | |||
r-release-linux-x86_64 | 0.1.1 | 5.81 | 40.06 | 45.87 | OK | |
r-release-windows-ix86+x86_64 | 0.1.1 | 18.00 | 52.00 | 70.00 | OK | |
r-release-osx-x86_64 | 0.1.1 | NOTE | ||||
r-oldrel-windows-ix86+x86_64 | 0.1.1 | 8.00 | 73.00 | 81.00 | OK | |
r-oldrel-osx-x86_64 | 0.1.1 | NOTE |
Version: 0.1.1
Check: dependencies in R code
Result: NOTE
Namespaces in Imports field not imported from:
‘igraph’ ‘rlang’ ‘tidyselect’
All declared Imports should be used.
Flavors: r-devel-linux-x86_64-fedora-clang, r-devel-linux-x86_64-fedora-gcc, r-patched-solaris-x86, r-release-osx-x86_64, r-oldrel-osx-x86_64