CRAN Package Check Results for Package neonUtilities

Last updated on 2019-11-26 00:51:59 CET.

Flavor Version Tinstall Tcheck Ttotal Status Flags
r-devel-linux-x86_64-debian-clang 1.3.1 7.99 55.69 63.68 OK
r-devel-linux-x86_64-debian-gcc 1.3.1 6.97 42.17 49.14 OK
r-devel-linux-x86_64-fedora-clang 1.3.1 72.36 OK
r-devel-linux-x86_64-fedora-gcc 1.3.1 70.20 OK
r-devel-windows-ix86+x86_64 1.3.1 29.00 101.00 130.00 OK
r-devel-windows-ix86+x86_64-gcc8 1.3.1 18.00 83.00 101.00 OK
r-patched-linux-x86_64 1.3.1 7.20 53.19 60.39 OK
r-patched-solaris-x86 1.3.1 99.00 OK
r-release-linux-x86_64 1.3.1 8.05 53.29 61.34 OK
r-release-windows-ix86+x86_64 1.3.1 20.00 78.00 98.00 OK
r-release-osx-x86_64 1.3.1 NOTE
r-oldrel-windows-ix86+x86_64 1.3.1 9.00 93.00 102.00 OK
r-oldrel-osx-x86_64 1.3.1 OK

Check Details

Version: 1.3.1
Check: package dependencies
Result: NOTE
    Package suggested but not available for checking: ‘rhdf5’
Flavor: r-release-osx-x86_64