Last updated on 2019-11-26 00:51:59 CET.
Flavor | Version | Tinstall | Tcheck | Ttotal | Status | Flags |
---|---|---|---|---|---|---|
r-devel-linux-x86_64-debian-clang | 0.5 | 2.16 | 33.05 | 35.21 | OK | |
r-devel-linux-x86_64-debian-gcc | 0.5 | 1.75 | 26.42 | 28.17 | OK | |
r-devel-linux-x86_64-fedora-clang | 0.5 | 41.88 | WARN | |||
r-devel-linux-x86_64-fedora-gcc | 0.5 | 41.27 | WARN | |||
r-devel-windows-ix86+x86_64 | 0.5 | 8.00 | 63.00 | 71.00 | OK | |
r-devel-windows-ix86+x86_64-gcc8 | 0.5 | 7.00 | 62.00 | 69.00 | OK | |
r-patched-linux-x86_64 | 0.5 | 1.75 | 31.97 | 33.72 | OK | |
r-patched-solaris-x86 | 0.5 | 49.90 | OK | |||
r-release-linux-x86_64 | 0.5 | 1.83 | 32.41 | 34.24 | OK | |
r-release-windows-ix86+x86_64 | 0.5 | 7.00 | 58.00 | 65.00 | OK | |
r-release-osx-x86_64 | 0.5 | OK | ||||
r-oldrel-windows-ix86+x86_64 | 0.5 | 3.00 | 78.00 | 81.00 | OK | |
r-oldrel-osx-x86_64 | 0.5 | OK |
Version: 0.5
Check: re-building of vignette outputs
Result: WARN
Error(s) in re-building vignettes:
--- re-building ‘nipals_algorithm.Rmd’ using rmarkdown
! LaTeX Error: Environment cslreferences undefined.
Error: processing vignette 'nipals_algorithm.Rmd' failed with diagnostics:
Failed to compile nipals_algorithm.tex. See https://yihui.name/tinytex/r/#debugging for debugging tips. See nipals_algorithm.log for more info.
--- failed re-building ‘nipals_algorithm.Rmd’
--- re-building ‘nipals_comparisons.Rmd’ using rmarkdown
--- finished re-building ‘nipals_comparisons.Rmd’
--- re-building ‘nipals_optimization.Rmd’ using rmarkdown
--- finished re-building ‘nipals_optimization.Rmd’
SUMMARY: processing the following file failed:
‘nipals_algorithm.Rmd’
Error: Vignette re-building failed.
Execution halted
Flavors: r-devel-linux-x86_64-fedora-clang, r-devel-linux-x86_64-fedora-gcc