Last updated on 2019-11-26 00:51:59 CET.
Flavor | Version | Tinstall | Tcheck | Ttotal | Status | Flags |
---|---|---|---|---|---|---|
r-devel-linux-x86_64-debian-clang | 0.3.0 | 5.93 | 66.13 | 72.06 | OK | |
r-devel-linux-x86_64-debian-gcc | 0.3.0 | 5.22 | 51.26 | 56.48 | OK | |
r-devel-linux-x86_64-fedora-clang | 0.3.0 | 85.03 | ERROR | |||
r-devel-linux-x86_64-fedora-gcc | 0.3.0 | 85.41 | ERROR | |||
r-devel-windows-ix86+x86_64 | 0.3.0 | 22.00 | 93.00 | 115.00 | OK | |
r-devel-windows-ix86+x86_64-gcc8 | 0.3.0 | 14.00 | 83.00 | 97.00 | OK | |
r-patched-linux-x86_64 | 0.3.0 | 5.82 | 63.13 | 68.95 | OK | |
r-patched-solaris-x86 | 0.3.0 | 107.40 | ERROR | |||
r-release-linux-x86_64 | 0.3.0 | 5.83 | 63.29 | 69.12 | OK | |
r-release-windows-ix86+x86_64 | 0.3.0 | 16.00 | 114.00 | 130.00 | OK | |
r-release-osx-x86_64 | 0.3.0 | ERROR | ||||
r-oldrel-windows-ix86+x86_64 | 0.3.0 | 9.00 | 92.00 | 101.00 | OK | |
r-oldrel-osx-x86_64 | 0.3.0 | ERROR |
Version: 0.3.0
Check: tests
Result: ERROR
Running ‘testthat.R’ [7s/29s]
Running the tests in ‘tests/testthat.R’ failed.
Complete output:
> Sys.unsetenv("R_TESTS")
>
> library(testthat)
> library(nlrx)
>
> test_check("nlrx")
/usr/local/bin/pandoc +RTS -K512m -RTS nldoc.utf8.md --to html4 --from markdown+autolink_bare_uris+tex_math_single_backslash+smart --output nldoc.html --email-obfuscation none --self-contained --standalone --section-divs --table-of-contents --toc-depth 3 --template /data/gannet/ripley/R/test-clang/rmarkdown/rmd/h/default.html --no-highlight --variable highlightjs=1 --number-sections --variable 'theme:cosmo' --include-in-header /tmp/RtmptMxV8a/working_dir/RtmpA2a1sG/rmarkdown-str3192230bc60d.html --mathjax --variable 'mathjax-url:https://mathjax.rstudio.com/latest/MathJax.js?config=TeX-AMS-MML_HTMLorMML' --lua-filter /data/gannet/ripley/R/test-clang/rmarkdown/rmd/lua/pagebreak.lua --lua-filter /data/gannet/ripley/R/test-clang/rmarkdown/rmd/lua/latex-div.lua
[1] "File successfully compiled!"
── 1. Failure: nldoc (@test_nldoc.R#30) ───────────────────────────────────────
length(nldoc_readin) not equal to 8.
1/1 mismatches
[1] 27 - 8 == 19
/usr/local/bin/pandoc +RTS -K512m -RTS nldoc.utf8.md --to docx --from markdown+autolink_bare_uris+tex_math_single_backslash+smart --output nldoc.docx --table-of-contents --toc-depth 3 --highlight-style tango --lua-filter /data/gannet/ripley/R/test-clang/rmarkdown/rmd/lua/pagebreak.lua
[1] "File successfully compiled!"
══ testthat results ═══════════════════════════════════════════════════════════
[ OK: 138 | SKIPPED: 8 | WARNINGS: 0 | FAILED: 1 ]
1. Failure: nldoc (@test_nldoc.R#30)
Error: testthat unit tests failed
Execution halted
Flavor: r-devel-linux-x86_64-fedora-clang
Version: 0.3.0
Check: tests
Result: ERROR
Running ‘testthat.R’ [7s/31s]
Running the tests in ‘tests/testthat.R’ failed.
Complete output:
> Sys.unsetenv("R_TESTS")
>
> library(testthat)
> library(nlrx)
>
> test_check("nlrx")
/usr/local/bin/pandoc +RTS -K512m -RTS nldoc.utf8.md --to html4 --from markdown+autolink_bare_uris+tex_math_single_backslash+smart --output nldoc.html --email-obfuscation none --self-contained --standalone --section-divs --table-of-contents --toc-depth 3 --template /data/gannet/ripley/R/test-3.7/rmarkdown/rmd/h/default.html --no-highlight --variable highlightjs=1 --number-sections --variable 'theme:cosmo' --include-in-header /tmp/RtmpPFMJXT/working_dir/RtmpPWDpf9/rmarkdown-str9add7ad3a31b.html --mathjax --variable 'mathjax-url:https://mathjax.rstudio.com/latest/MathJax.js?config=TeX-AMS-MML_HTMLorMML' --lua-filter /data/gannet/ripley/R/test-3.7/rmarkdown/rmd/lua/pagebreak.lua --lua-filter /data/gannet/ripley/R/test-3.7/rmarkdown/rmd/lua/latex-div.lua
[1] "File successfully compiled!"
── 1. Failure: nldoc (@test_nldoc.R#30) ───────────────────────────────────────
length(nldoc_readin) not equal to 8.
1/1 mismatches
[1] 27 - 8 == 19
/usr/local/bin/pandoc +RTS -K512m -RTS nldoc.utf8.md --to docx --from markdown+autolink_bare_uris+tex_math_single_backslash+smart --output nldoc.docx --table-of-contents --toc-depth 3 --highlight-style tango --lua-filter /data/gannet/ripley/R/test-3.7/rmarkdown/rmd/lua/pagebreak.lua
[1] "File successfully compiled!"
══ testthat results ═══════════════════════════════════════════════════════════
[ OK: 138 | SKIPPED: 8 | WARNINGS: 0 | FAILED: 1 ]
1. Failure: nldoc (@test_nldoc.R#30)
Error: testthat unit tests failed
Execution halted
Flavor: r-devel-linux-x86_64-fedora-gcc
Version: 0.3.0
Check: examples
Result: ERROR
Running examples in ‘nlrx-Ex.R’ failed
The error most likely occurred in:
> ### Name: nldoc
> ### Title: Create NetLogo documentation
> ### Aliases: nldoc
>
> ### ** Examples
>
>
> # List model files (.nls subfiles are also supported)
> modelfiles <- c("https://raw.githubusercontent.com/nldoc/nldoc_pg/master/WSP.nlogo",
+ "https://raw.githubusercontent.com/nldoc/nldoc_pg/master/WSP.nls")
>
> # Define output directory:
> outdir <- tempdir() # adjust path to your needs
>
> # Create documentation:
> nldoc(modelfiles = modelfiles,
+ infotab=TRUE,
+ gui=TRUE,
+ bs=TRUE,
+ outpath = outdir,
+ output_format = "html",
+ number_sections = TRUE,
+ theme = "cosmo",
+ date = date(),
+ toc = TRUE)
Error: pandoc version 1.12.3 or higher is required and was not found (see the help page ?rmarkdown::pandoc_available).
Execution halted
Flavors: r-patched-solaris-x86, r-release-osx-x86_64, r-oldrel-osx-x86_64