Last updated on 2019-11-26 00:52:00 CET.
Flavor | Version | Tinstall | Tcheck | Ttotal | Status | Flags |
---|---|---|---|---|---|---|
r-devel-linux-x86_64-debian-clang | 2.0.1 | 44.70 | 56.35 | 101.05 | WARN | --no-tests |
r-devel-linux-x86_64-debian-gcc | 2.0.1 | 31.30 | 43.55 | 74.85 | WARN | --no-tests |
r-devel-linux-x86_64-fedora-clang | 2.0.1 | 186.06 | WARN | |||
r-devel-linux-x86_64-fedora-gcc | 2.0.1 | 179.88 | WARN | |||
r-devel-windows-ix86+x86_64 | 2.0.1 | 117.00 | 283.00 | 400.00 | NOTE | |
r-devel-windows-ix86+x86_64-gcc8 | 2.0.1 | 84.00 | 230.00 | 314.00 | NOTE | |
r-patched-linux-x86_64 | 2.0.1 | 32.62 | 52.84 | 85.46 | OK | --no-tests |
r-patched-solaris-x86 | 2.0.1 | 248.70 | OK | |||
r-release-linux-x86_64 | 2.0.1 | 34.19 | 53.40 | 87.59 | OK | --no-tests |
r-release-windows-ix86+x86_64 | 2.0.1 | 93.00 | 294.00 | 387.00 | OK | |
r-release-osx-x86_64 | 2.0.1 | OK | ||||
r-oldrel-windows-ix86+x86_64 | 2.0.1 | 65.00 | 259.00 | 324.00 | OK | |
r-oldrel-osx-x86_64 | 2.0.1 | OK |
Version: 2.0.1
Flags: --no-tests
Check: whether package can be installed
Result: WARN
Found the following significant warnings:
'config' variable 'CPP' is deprecated
'config' variable 'CXXCPP' is deprecated
Flavors: r-devel-linux-x86_64-debian-clang, r-devel-linux-x86_64-debian-gcc
Version: 2.0.1
Flags: --no-tests
Check: use of PKG_*FLAGS in Makefiles
Result: NOTE
PKG_CFLAGS set in 'src/Makevars.in' without any corresponding files
Flavors: r-devel-linux-x86_64-debian-clang, r-devel-linux-x86_64-debian-gcc
Version: 2.0.1
Check: whether package can be installed
Result: WARN
Found the following significant warnings:
'config' variable 'CPP' is deprecated
'config' variable 'CXXCPP' is deprecated
Flavors: r-devel-linux-x86_64-fedora-clang, r-devel-linux-x86_64-fedora-gcc
Version: 2.0.1
Check: top-level files
Result: NOTE
‘cleanup’: /bin/bash is not portable
Flavors: r-devel-linux-x86_64-fedora-clang, r-devel-linux-x86_64-fedora-gcc
Version: 2.0.1
Check: use of PKG_*FLAGS in Makefiles
Result: NOTE
PKG_CFLAGS set in ‘src/Makevars’ without any corresponding files
PKG_CFLAGS set in ‘src/Makevars.in’ without any corresponding files
Flavors: r-devel-linux-x86_64-fedora-clang, r-devel-linux-x86_64-fedora-gcc
Version: 2.0.1
Check: use of PKG_*FLAGS in Makefiles
Result: NOTE
PKG_CFLAGS set in 'src/Makevars.in' without any corresponding files
Flavors: r-devel-windows-ix86+x86_64, r-devel-windows-ix86+x86_64-gcc8