CRAN Package Check Results for Package oncrawlR

Last updated on 2019-11-26 00:52:00 CET.

Flavor Version Tinstall Tcheck Ttotal Status Flags
r-devel-linux-x86_64-debian-clang 0.1.8 3.74 34.60 38.34 OK
r-devel-linux-x86_64-debian-gcc 0.1.8 3.09 27.61 30.70 OK
r-devel-linux-x86_64-fedora-clang 0.1.8 44.68 NOTE
r-devel-linux-x86_64-fedora-gcc 0.1.8 43.86 NOTE
r-devel-windows-ix86+x86_64 0.1.8 11.00 56.00 67.00 OK
r-devel-windows-ix86+x86_64-gcc8 0.1.8 14.00 69.00 83.00 OK
r-patched-linux-x86_64 0.1.8 3.65 33.37 37.02 OK
r-patched-solaris-x86 0.1.8 65.50 NOTE
r-release-linux-x86_64 0.1.8 3.62 33.49 37.11 OK
r-release-windows-ix86+x86_64 0.1.8 13.00 70.00 83.00 OK
r-release-osx-x86_64 0.1.8 NOTE
r-oldrel-windows-ix86+x86_64 0.1.8 5.00 46.00 51.00 OK
r-oldrel-osx-x86_64 0.1.8 NOTE

Check Details

Version: 0.1.8
Check: dependencies in R code
Result: NOTE
    Namespaces in Imports field not imported from:
     ‘e1071’ ‘fs’ ‘pdp’
     All declared Imports should be used.
Flavors: r-devel-linux-x86_64-fedora-clang, r-devel-linux-x86_64-fedora-gcc, r-patched-solaris-x86, r-release-osx-x86_64, r-oldrel-osx-x86_64