CRAN Package Check Results for Package opencv

Last updated on 2019-11-26 00:52:00 CET.

Flavor Version Tinstall Tcheck Ttotal Status Flags
r-devel-linux-x86_64-debian-clang 0.1 79.83 68.59 148.42 OK
r-devel-linux-x86_64-debian-gcc 0.1 53.10 29.97 83.07 OK
r-devel-linux-x86_64-fedora-gcc 0.1 173.81 OK
r-devel-windows-ix86+x86_64 0.1 292.00 127.00 419.00 NOTE
r-devel-windows-ix86+x86_64-gcc8 0.1 276.00 99.00 375.00 NOTE
r-patched-linux-x86_64 0.1 65.52 68.10 133.62 OK
r-release-linux-x86_64 0.1 67.32 68.81 136.13 OK
r-release-windows-ix86+x86_64 0.1 284.00 100.00 384.00 NOTE
r-release-osx-x86_64 0.1 NOTE
r-oldrel-windows-ix86+x86_64 0.1 228.00 124.00 352.00 NOTE
r-oldrel-osx-x86_64 0.1 NOTE

Check Details

Version: 0.1
Check: installed package size
Result: NOTE
     installed size is 29.8Mb
     sub-directories of 1Mb or more:
     libs 20.0Mb
     share 9.7Mb
Flavors: r-devel-windows-ix86+x86_64, r-devel-windows-ix86+x86_64-gcc8, r-release-windows-ix86+x86_64, r-release-osx-x86_64, r-oldrel-windows-ix86+x86_64, r-oldrel-osx-x86_64