Last updated on 2019-11-26 00:52:00 CET.
Flavor | Version | Tinstall | Tcheck | Ttotal | Status | Flags |
---|---|---|---|---|---|---|
r-devel-linux-x86_64-debian-clang | 4.1.3 | 118.09 | 99.92 | 218.01 | OK | |
r-devel-linux-x86_64-debian-gcc | 4.1.3 | 94.80 | 77.52 | 172.32 | OK | |
r-devel-linux-x86_64-fedora-clang | 4.1.3 | 275.55 | NOTE | |||
r-devel-linux-x86_64-fedora-gcc | 4.1.3 | 273.47 | NOTE | |||
r-devel-windows-ix86+x86_64 | 4.1.3 | 244.00 | 258.00 | 502.00 | OK | |
r-devel-windows-ix86+x86_64-gcc8 | 4.1.3 | 252.00 | 188.00 | 440.00 | OK | |
r-patched-linux-x86_64 | 4.1.3 | 107.66 | 94.95 | 202.61 | OK | |
r-patched-solaris-x86 | 4.1.3 | 275.30 | NOTE | |||
r-release-linux-x86_64 | 4.1.3 | 102.95 | 99.17 | 202.12 | OK | |
r-release-windows-ix86+x86_64 | 4.1.3 | 220.00 | 173.00 | 393.00 | OK | |
r-release-osx-x86_64 | 4.1.3 | NOTE | ||||
r-oldrel-windows-ix86+x86_64 | 4.1.3 | 176.00 | 231.00 | 407.00 | OK | |
r-oldrel-osx-x86_64 | 4.1.3 | NOTE |
Version: 4.1.3
Check: installed package size
Result: NOTE
installed size is 7.4Mb
sub-directories of 1Mb or more:
extdata 1.0Mb
libs 5.5Mb
Flavors: r-devel-linux-x86_64-fedora-clang, r-release-osx-x86_64, r-oldrel-osx-x86_64
Version: 4.1.3
Check: dependencies in R code
Result: NOTE
Namespaces in Imports field not imported from:
‘rlang’ ‘stringi’
All declared Imports should be used.
Flavors: r-devel-linux-x86_64-fedora-clang, r-devel-linux-x86_64-fedora-gcc, r-patched-solaris-x86, r-release-osx-x86_64, r-oldrel-osx-x86_64