Last updated on 2019-11-26 00:52:00 CET.
Flavor | Version | Tinstall | Tcheck | Ttotal | Status | Flags |
---|---|---|---|---|---|---|
r-devel-linux-x86_64-debian-clang | 1.0-9 | 8.19 | 63.37 | 71.56 | NOTE | |
r-devel-linux-x86_64-debian-gcc | 1.0-9 | 6.75 | 51.42 | 58.17 | NOTE | |
r-devel-linux-x86_64-fedora-clang | 1.0-9 | 83.12 | NOTE | |||
r-devel-linux-x86_64-fedora-gcc | 1.0-9 | 83.82 | NOTE | |||
r-devel-windows-ix86+x86_64 | 1.0-9 | 23.00 | 96.00 | 119.00 | NOTE | |
r-devel-windows-ix86+x86_64-gcc8 | 1.0-9 | 21.00 | 76.00 | 97.00 | NOTE | |
r-patched-linux-x86_64 | 1.0-9 | 7.20 | 62.22 | 69.42 | NOTE | |
r-patched-solaris-x86 | 1.0-9 | 117.70 | NOTE | |||
r-release-linux-x86_64 | 1.0-9 | 6.88 | 63.10 | 69.98 | NOTE | |
r-release-windows-ix86+x86_64 | 1.0-9 | 17.00 | 78.00 | 95.00 | NOTE | |
r-release-osx-x86_64 | 1.0-9 | NOTE | ||||
r-oldrel-windows-ix86+x86_64 | 1.0-9 | 9.00 | 100.00 | 109.00 | OK | |
r-oldrel-osx-x86_64 | 1.0-9 | NOTE |
Version: 1.0-9
Check: R code for possible problems
Result: NOTE
print.optimbase: no visible global function definition for 'str'
Undefined global functions or variables:
str
Consider adding
importFrom("utils", "str")
to your NAMESPACE file.
Flavors: r-devel-linux-x86_64-debian-clang, r-devel-linux-x86_64-debian-gcc, r-devel-linux-x86_64-fedora-clang, r-devel-linux-x86_64-fedora-gcc, r-devel-windows-ix86+x86_64, r-devel-windows-ix86+x86_64-gcc8, r-patched-linux-x86_64, r-patched-solaris-x86, r-release-linux-x86_64, r-release-windows-ix86+x86_64, r-release-osx-x86_64, r-oldrel-osx-x86_64