CRAN Package Check Results for Package otvPlots

Last updated on 2019-11-26 00:52:00 CET.

Flavor Version Tinstall Tcheck Ttotal Status Flags
r-devel-linux-x86_64-debian-clang 0.2.1 12.60 142.62 155.22 OK
r-devel-linux-x86_64-debian-gcc 0.2.1 9.26 112.51 121.77 OK
r-devel-linux-x86_64-fedora-clang 0.2.1 158.05 NOTE
r-devel-linux-x86_64-fedora-gcc 0.2.1 151.49 NOTE
r-devel-windows-ix86+x86_64 0.2.1 40.00 181.00 221.00 OK
r-devel-windows-ix86+x86_64-gcc8 0.2.1 24.00 136.00 160.00 OK
r-patched-linux-x86_64 0.2.1 10.78 129.16 139.94 OK
r-patched-solaris-x86 0.2.1 217.60 NOTE
r-release-linux-x86_64 0.2.1 12.03 130.73 142.76 OK
r-release-windows-ix86+x86_64 0.2.1 31.00 132.00 163.00 OK
r-release-osx-x86_64 0.2.1 NOTE
r-oldrel-windows-ix86+x86_64 0.2.1 10.00 129.00 139.00 OK
r-oldrel-osx-x86_64 0.2.1 NOTE

Check Details

Version: 0.2.1
Check: dependencies in R code
Result: NOTE
    Namespace in Imports field not imported from: ‘quantreg’
     All declared Imports should be used.
Flavors: r-devel-linux-x86_64-fedora-clang, r-devel-linux-x86_64-fedora-gcc, r-patched-solaris-x86, r-release-osx-x86_64, r-oldrel-osx-x86_64