Last updated on 2019-11-26 00:52:01 CET.
Flavor | Version | Tinstall | Tcheck | Ttotal | Status | Flags |
---|---|---|---|---|---|---|
r-devel-linux-x86_64-debian-clang | 2.2-13 | 25.87 | 89.04 | 114.91 | OK | |
r-devel-linux-x86_64-debian-gcc | 2.2-13 | 17.95 | 68.95 | 86.90 | OK | |
r-devel-linux-x86_64-fedora-clang | 2.2-13 | 137.49 | OK | |||
r-devel-linux-x86_64-fedora-gcc | 2.2-13 | 129.83 | OK | |||
r-devel-windows-ix86+x86_64 | 2.2-13 | 59.00 | 111.00 | 170.00 | OK | |
r-devel-windows-ix86+x86_64-gcc8 | 2.2-13 | 51.00 | 109.00 | 160.00 | OK | |
r-patched-linux-x86_64 | 2.2-13 | 22.71 | 87.19 | 109.90 | OK | |
r-patched-solaris-x86 | 2.2-13 | 203.00 | OK | |||
r-release-linux-x86_64 | 2.2-13 | 20.91 | 90.21 | 111.12 | OK | |
r-release-windows-ix86+x86_64 | 2.2-13 | 52.00 | 136.00 | 188.00 | OK | |
r-release-osx-x86_64 | 2.2-13 | FAIL | ||||
r-oldrel-windows-ix86+x86_64 | 2.2-13 | 36.00 | 135.00 | 171.00 | OK | |
r-oldrel-osx-x86_64 | 2.2-13 | OK |
Version: 2.2-13
Check: whether package can be installed
Result: FAIL
Flavor: r-release-osx-x86_64