Last updated on 2019-11-26 00:52:01 CET.
Flavor | Version | Tinstall | Tcheck | Ttotal | Status | Flags |
---|---|---|---|---|---|---|
r-devel-linux-x86_64-debian-clang | 0.6.0 | 2.33 | 16.56 | 18.89 | OK | |
r-devel-linux-x86_64-debian-gcc | 0.6.0 | 1.87 | 13.26 | 15.13 | OK | |
r-devel-linux-x86_64-fedora-clang | 0.6.0 | 23.40 | NOTE | |||
r-devel-linux-x86_64-fedora-gcc | 0.6.0 | 22.70 | NOTE | |||
r-devel-windows-ix86+x86_64 | 0.6.0 | 8.00 | 32.00 | 40.00 | OK | |
r-devel-windows-ix86+x86_64-gcc8 | 0.6.0 | 11.00 | 33.00 | 44.00 | OK | |
r-patched-linux-x86_64 | 0.6.0 | 1.83 | 16.07 | 17.90 | OK | |
r-patched-solaris-x86 | 0.6.0 | 35.00 | OK | |||
r-release-linux-x86_64 | 0.6.0 | 1.84 | 16.65 | 18.49 | OK | |
r-release-windows-ix86+x86_64 | 0.6.0 | 8.00 | 50.00 | 58.00 | OK | |
r-release-osx-x86_64 | 0.6.0 | OK | ||||
r-oldrel-windows-ix86+x86_64 | 0.6.0 | 5.00 | 31.00 | 36.00 | OK | |
r-oldrel-osx-x86_64 | 0.6.0 | OK |
Version: 0.6.0
Check: compiled code
Result: NOTE
File ‘pbivnorm/libs/pbivnorm.so’:
Found no calls to: ‘R_registerRoutines’, ‘R_useDynamicSymbols’
It is good practice to register native routines and to disable symbol
search.
See ‘Writing portable packages’ in the ‘Writing R Extensions’ manual.
Flavors: r-devel-linux-x86_64-fedora-clang, r-devel-linux-x86_64-fedora-gcc