CRAN Package Check Results for Package pccc

Last updated on 2019-11-26 00:52:01 CET.

Flavor Version Tinstall Tcheck Ttotal Status Flags
r-devel-linux-x86_64-debian-clang 1.0.3 73.30 50.58 123.88 OK
r-devel-linux-x86_64-debian-gcc 1.0.3 61.29 39.39 100.68 OK
r-devel-linux-x86_64-fedora-clang 1.0.3 149.75 NOTE
r-devel-linux-x86_64-fedora-gcc 1.0.3 157.90 OK
r-devel-windows-ix86+x86_64 1.0.3 121.00 92.00 213.00 OK
r-devel-windows-ix86+x86_64-gcc8 1.0.3 82.00 95.00 177.00 OK
r-patched-linux-x86_64 1.0.3 58.29 47.90 106.19 OK
r-patched-solaris-x86 1.0.3 150.50 OK
r-release-linux-x86_64 1.0.3 61.60 49.70 111.30 OK
r-release-windows-ix86+x86_64 1.0.3 107.00 92.00 199.00 OK
r-release-osx-x86_64 1.0.3 NOTE
r-oldrel-windows-ix86+x86_64 1.0.3 84.00 117.00 201.00 OK
r-oldrel-osx-x86_64 1.0.3 NOTE

Check Details

Version: 1.0.3
Check: installed package size
Result: NOTE
     installed size is 5.6Mb
     sub-directories of 1Mb or more:
     libs 4.0Mb
Flavors: r-devel-linux-x86_64-fedora-clang, r-release-osx-x86_64, r-oldrel-osx-x86_64