CRAN Package Check Results for Package performance

Last updated on 2019-11-26 00:52:01 CET.

Flavor Version Tinstall Tcheck Ttotal Status Flags
r-devel-linux-x86_64-debian-clang 0.4.0 8.56 89.82 98.38 OK
r-devel-linux-x86_64-debian-gcc 0.4.0 7.07 67.55 74.62 OK
r-devel-linux-x86_64-fedora-clang 0.4.0 114.30 OK
r-devel-linux-x86_64-fedora-gcc 0.4.0 114.46 OK
r-devel-windows-ix86+x86_64 0.4.0 18.00 109.00 127.00 OK
r-devel-windows-ix86+x86_64-gcc8 0.4.0 16.00 103.00 119.00 OK
r-patched-linux-x86_64 0.4.0 9.30 87.23 96.53 OK
r-patched-solaris-x86 0.4.0 147.80 OK
r-release-linux-x86_64 0.4.0 8.76 87.54 96.30 OK
r-release-windows-ix86+x86_64 0.4.0 16.00 144.00 160.00 OK
r-release-osx-x86_64 0.4.0 OK
r-oldrel-windows-ix86+x86_64 0.4.0 9.00 97.00 106.00 OK
r-oldrel-osx-x86_64 0.4.0 OK

Check Details

Version: 0.4.0
Check: whether package can be installed
Result: FAIL
    
Flavor: r-devel-windows-ix86+x86_64-gcc8