Last updated on 2019-11-26 00:52:01 CET.
Flavor | Version | Tinstall | Tcheck | Ttotal | Status | Flags |
---|---|---|---|---|---|---|
r-devel-linux-x86_64-debian-clang | 0.2.3 | 12.66 | 142.41 | 155.07 | NOTE | |
r-devel-linux-x86_64-debian-gcc | 0.2.3 | 11.58 | 105.81 | 117.39 | NOTE | |
r-devel-linux-x86_64-fedora-clang | 0.2.3 | 175.75 | NOTE | |||
r-devel-linux-x86_64-fedora-gcc | 0.2.3 | 185.70 | NOTE | |||
r-devel-windows-ix86+x86_64 | 0.2.3 | 24.00 | 6.00 | 30.00 | ERROR | |
r-devel-windows-ix86+x86_64-gcc8 | 0.2.3 | 15.00 | 5.00 | 20.00 | ERROR | |
r-patched-linux-x86_64 | 0.2.3 | 12.88 | 132.75 | 145.63 | OK | |
r-release-linux-x86_64 | 0.2.3 | 11.80 | 135.90 | 147.70 | OK | |
r-release-windows-ix86+x86_64 | 0.2.3 | 35.00 | 503.00 | 538.00 | WARN | |
r-release-osx-x86_64 | 0.2.3 | NOTE | ||||
r-oldrel-windows-ix86+x86_64 | 0.2.3 | 12.00 | 511.00 | 523.00 | OK | |
r-oldrel-osx-x86_64 | 0.2.3 | NOTE |
Version: 0.2.3
Check: for non-standard things in the check directory
Result: NOTE
Found the following files/directories:
'neural_network-s0000r1000.html' 'neural_network-s1000r1000.html'
'neural_network-s2000r1000.html' 'neural_network-s3000r1000.html'
Flavors: r-devel-linux-x86_64-debian-clang, r-devel-linux-x86_64-debian-gcc, r-devel-linux-x86_64-fedora-clang, r-devel-linux-x86_64-fedora-gcc
Version: 0.2.3
Check: dependencies in R code
Result: NOTE
Namespaces in Imports field not imported from:
‘Rgraphviz’ ‘SnowballC’ ‘cluster’ ‘graph’
All declared Imports should be used.
Flavors: r-devel-linux-x86_64-fedora-clang, r-devel-linux-x86_64-fedora-gcc, r-release-osx-x86_64, r-oldrel-osx-x86_64
Version: 0.2.3
Check: whether package can be installed
Result: ERROR
Installation failed.
Flavor: r-devel-windows-ix86+x86_64
Version: 0.2.3
Check: whether package can be installed
Result: ERROR
*
Flavor: r-devel-windows-ix86+x86_64-gcc8
Version: 0.2.3
Check: re-building of vignette outputs
Result: WARN
Error(s) in re-building vignettes:
--- re-building 'artificial_intelligence_evolution.Rmd' using rmarkdown
--- finished re-building 'artificial_intelligence_evolution.Rmd'
--- re-building 'gas_influx_overbalanced.Rmd' using rmarkdown
Quitting from lines 44-61 (gas_influx_overbalanced.Rmd)
Error: processing vignette 'gas_influx_overbalanced.Rmd' failed with diagnostics:
HTTP error 500.
--- failed re-building 'gas_influx_overbalanced.Rmd'
--- re-building 'gas_lift_keywords_variation.Rmd' using rmarkdown
--- finished re-building 'gas_lift_keywords_variation.Rmd'
SUMMARY: processing the following file failed:
'gas_influx_overbalanced.Rmd'
Error: Vignette re-building failed.
Execution halted
Flavor: r-release-windows-ix86+x86_64