CRAN Package Check Results for Package phenopix

Last updated on 2019-11-26 00:52:01 CET.

Flavor Version Tinstall Tcheck Ttotal Status Flags
r-devel-linux-x86_64-debian-clang 2.3.1 15.17 95.71 110.88 OK
r-devel-linux-x86_64-debian-gcc 2.3.1 12.85 74.28 87.13 OK
r-devel-linux-x86_64-fedora-clang 2.3.1 120.69 OK
r-devel-linux-x86_64-fedora-gcc 2.3.1 121.19 OK
r-devel-windows-ix86+x86_64 2.3.1 31.00 133.00 164.00 OK
r-devel-windows-ix86+x86_64-gcc8 2.3.1 23.00 100.00 123.00 ERROR
r-patched-linux-x86_64 2.3.1 11.61 92.76 104.37 OK
r-patched-solaris-x86 2.3.1 168.60 OK
r-release-linux-x86_64 2.3.1 13.52 92.98 106.50 OK
r-release-windows-ix86+x86_64 2.3.1 28.00 124.00 152.00 OK
r-release-osx-x86_64 2.3.1 OK
r-oldrel-windows-ix86+x86_64 2.3.1 14.00 128.00 142.00 OK
r-oldrel-osx-x86_64 2.3.1 OK

Check Details

Version: 2.3.1
Check: whether package can be installed
Result: ERROR
    Installation failed.
    See * DONE
Flavor: r-devel-windows-ix86+x86_64-gcc8