Last updated on 2019-11-26 00:52:02 CET.
Flavor | Version | Tinstall | Tcheck | Ttotal | Status | Flags |
---|---|---|---|---|---|---|
r-devel-linux-x86_64-debian-clang | 0.1.1 | 6.70 | 49.14 | 55.84 | OK | |
r-devel-linux-x86_64-debian-gcc | 0.1.1 | 5.37 | 38.20 | 43.57 | OK | |
r-devel-linux-x86_64-fedora-clang | 0.1.1 | 63.07 | OK | |||
r-devel-linux-x86_64-fedora-gcc | 0.1.1 | 61.89 | OK | |||
r-devel-windows-ix86+x86_64 | 0.1.1 | 29.00 | 93.00 | 122.00 | OK | |
r-devel-windows-ix86+x86_64-gcc8 | 0.1.1 | 18.00 | 68.00 | 86.00 | ERROR | |
r-patched-linux-x86_64 | 0.1.1 | 4.87 | 46.85 | 51.72 | OK | |
r-patched-solaris-x86 | 0.1.1 | 98.00 | OK | |||
r-release-linux-x86_64 | 0.1.1 | 6.83 | 47.88 | 54.71 | OK | |
r-release-windows-ix86+x86_64 | 0.1.1 | 23.00 | 78.00 | 101.00 | OK | |
r-release-osx-x86_64 | 0.1.1 | OK | ||||
r-oldrel-windows-ix86+x86_64 | 0.1.1 | 7.00 | 83.00 | 90.00 | OK | |
r-oldrel-osx-x86_64 | 0.1.1 | OK |
Version: 0.1.1
Check: whether package can be installed
Result: ERROR
See *
Flavor: r-devel-windows-ix86+x86_64-gcc8