Last updated on 2019-11-26 00:52:02 CET.
Flavor | Version | Tinstall | Tcheck | Ttotal | Status | Flags |
---|---|---|---|---|---|---|
r-devel-linux-x86_64-debian-clang | 1.4.1 | 7.28 | 92.21 | 99.49 | OK | |
r-devel-linux-x86_64-debian-gcc | 1.4.1 | 6.45 | 71.56 | 78.01 | OK | |
r-devel-linux-x86_64-fedora-clang | 1.4.1 | 110.77 | OK | |||
r-devel-linux-x86_64-fedora-gcc | 1.4.1 | 112.03 | OK | |||
r-devel-windows-ix86+x86_64 | 1.4.1 | 25.00 | 118.00 | 143.00 | OK | |
r-devel-windows-ix86+x86_64-gcc8 | 1.4.1 | 16.00 | 122.00 | 138.00 | ERROR | |
r-patched-linux-x86_64 | 1.4.1 | 7.97 | 88.47 | 96.44 | OK | |
r-patched-solaris-x86 | 1.4.1 | 113.50 | OK | |||
r-release-linux-x86_64 | 1.4.1 | 6.94 | 88.16 | 95.10 | OK | |
r-release-windows-ix86+x86_64 | 1.4.1 | 21.00 | 140.00 | 161.00 | OK | |
r-release-osx-x86_64 | 1.4.1 | OK | ||||
r-oldrel-windows-ix86+x86_64 | 1.4.1 | 12.00 | 101.00 | 113.00 | OK | |
r-oldrel-osx-x86_64 | 1.4.1 | OK |
Version: 1.4.1
Check: whether package can be installed
Result: ERROR
Installation failed.
Flavor: r-devel-windows-ix86+x86_64-gcc8