Last updated on 2019-11-26 00:52:02 CET.
Flavor | Version | Tinstall | Tcheck | Ttotal | Status | Flags |
---|---|---|---|---|---|---|
r-devel-linux-x86_64-debian-clang | 0.1.0 | 8.46 | 78.42 | 86.88 | OK | |
r-devel-linux-x86_64-debian-gcc | 0.1.0 | 8.49 | 60.36 | 68.85 | OK | |
r-devel-linux-x86_64-fedora-clang | 0.1.0 | 100.14 | OK | |||
r-devel-linux-x86_64-fedora-gcc | 0.1.0 | 99.23 | OK | |||
r-devel-windows-ix86+x86_64 | 0.1.0 | 23.00 | 105.00 | 128.00 | OK | |
r-devel-windows-ix86+x86_64-gcc8 | 0.1.0 | 16.00 | 82.00 | 98.00 | ERROR | |
r-patched-linux-x86_64 | 0.1.0 | 7.49 | 75.83 | 83.32 | OK | |
r-patched-solaris-x86 | 0.1.0 | 152.20 | OK | |||
r-release-linux-x86_64 | 0.1.0 | 8.47 | 75.91 | 84.38 | OK | |
r-release-windows-ix86+x86_64 | 0.1.0 | 21.00 | 82.00 | 103.00 | OK | |
r-release-osx-x86_64 | 0.1.0 | OK | ||||
r-oldrel-windows-ix86+x86_64 | 0.1.0 | 10.00 | 107.00 | 117.00 | OK | |
r-oldrel-osx-x86_64 | 0.1.0 | OK |
Version: 0.1.0
Check: whether package can be installed
Result: ERROR
*
Flavor: r-devel-windows-ix86+x86_64-gcc8