CRAN Package Check Results for Package plethem

Last updated on 2019-11-26 00:52:02 CET.

Flavor Version Tinstall Tcheck Ttotal Status Flags
r-devel-linux-x86_64-debian-clang 0.1.7 21.90 123.17 145.07 NOTE
r-devel-linux-x86_64-debian-gcc 0.1.7 15.93 94.32 110.25 NOTE
r-devel-linux-x86_64-fedora-clang 0.1.7 160.13 NOTE
r-devel-linux-x86_64-fedora-gcc 0.1.7 157.85 NOTE
r-devel-windows-ix86+x86_64 0.1.7 78.00 167.00 245.00 WARN
r-devel-windows-ix86+x86_64-gcc8 0.1.7 44.00 174.00 218.00 ERROR
r-patched-linux-x86_64 0.1.7 18.12 115.69 133.81 OK
r-patched-solaris-x86 0.1.7 221.70 NOTE
r-release-linux-x86_64 0.1.7 23.32 117.79 141.11 OK
r-release-windows-ix86+x86_64 0.1.7 56.00 240.00 296.00 OK
r-release-osx-x86_64 0.1.7 NOTE
r-oldrel-windows-ix86+x86_64 0.1.7 24.00 144.00 168.00 OK
r-oldrel-osx-x86_64 0.1.7 NOTE

Check Details

Version: 0.1.7
Check: package vignettes
Result: NOTE
    Package vignette with placeholder title 'Vignette Title':
     'getting_started.Rmd'
Flavors: r-devel-linux-x86_64-debian-clang, r-devel-linux-x86_64-debian-gcc, r-devel-windows-ix86+x86_64

Version: 0.1.7
Check: dependencies in R code
Result: NOTE
    Namespaces in Imports field not imported from:
     ‘V8’ ‘devtools’ ‘formatR’ ‘gdata’ ‘rhandsontable’ ‘shinythemes’
     ‘sqldf’
     All declared Imports should be used.
Flavors: r-devel-linux-x86_64-fedora-clang, r-devel-linux-x86_64-fedora-gcc, r-patched-solaris-x86, r-release-osx-x86_64, r-oldrel-osx-x86_64

Version: 0.1.7
Check: R files for syntax errors
Result: WARN
    Warnings in file 'R/HT_IVIVE_InputModule.R':
     unable to translate ' <U+03BC>m' to native encoding
     unable to translate '<U+03BC>mol/min/mg Protein' to native encoding
     unable to translate '<U+03BC>L/min/mg Protein' to native encoding
     unable to translate '<U+03BC>L/h/mg Protein' to native encoding
     unable to translate '<U+03BC>L/min/mg Protein' to native encoding
     unable to translate '<U+03BC>L/h/mg Protein' to native encoding
     unable to translate '<U+03BC>L/min/mg Protein' to native encoding
     unable to translate '<U+03BC>L/h/mg Protein' to native encoding
    
    Warnings in file 'R/IVIVEGadget.R':
     unable to translate '<U+03BC>L/min/mg Protein' to native encoding
     unable to translate '<U+03BC>L/h/mg Protein' to native encoding
     unable to translate '<U+03BC>mol/min/mg Protein' to native encoding
     unable to translate '<U+03BC>L/min/mg Protein' to native encoding
     unable to translate '<U+03BC>L/h/mg Protein' to native encoding
     unable to translate '<U+03BC>L/min/mg Protein' to native encoding
     unable to translate '<U+03BC>L/h/mg Protein' to native encoding
    
    Warnings in file 'R/performIVIVEModule.R':
     unable to translate '<U+03BC>mol/min/10^6 hepatocytes' to native encoding
     unable to translate '<U+03BC>mol/min/mg Protein' to native encoding
     unable to translate '<U+03BC>L/min/mg Protein' to native encoding
     unable to translate '<U+03BC>L/h/mg Protein' to native encoding
     unable to translate '<U+03BC>L/min/mg Protein' to native encoding
     unable to translate '<U+03BC>L/h/mg Protein' to native encoding
     unable to translate '<U+03BC>L/min/mg Protein' to native encoding
     unable to translate '<U+03BC>L/h/mg Protein' to native encoding
Flavor: r-devel-windows-ix86+x86_64

Version: 0.1.7
Check: whether package can be installed
Result: ERROR
    Installation failed.
Flavor: r-devel-windows-ix86+x86_64-gcc8