Last updated on 2019-11-26 00:52:03 CET.
Flavor | Version | Tinstall | Tcheck | Ttotal | Status | Flags |
---|---|---|---|---|---|---|
r-devel-linux-x86_64-debian-clang | 2.7-2 | 6.51 | 60.66 | 67.17 | OK | |
r-devel-linux-x86_64-debian-gcc | 2.7-2 | 5.49 | 46.43 | 51.92 | OK | |
r-devel-linux-x86_64-fedora-clang | 2.7-2 | 77.12 | OK | |||
r-devel-linux-x86_64-fedora-gcc | 2.7-2 | 75.78 | OK | |||
r-devel-windows-ix86+x86_64 | 2.7-2 | 20.00 | 99.00 | 119.00 | OK | |
r-devel-windows-ix86+x86_64-gcc8 | 2.7-2 | 14.00 | 72.00 | 86.00 | ERROR | |
r-patched-linux-x86_64 | 2.7-2 | 6.37 | 58.66 | 65.03 | OK | |
r-patched-solaris-x86 | 2.7-2 | 119.40 | OK | |||
r-release-linux-x86_64 | 2.7-2 | 6.98 | 58.37 | 65.35 | OK | |
r-release-windows-ix86+x86_64 | 2.7-2 | 13.00 | 73.00 | 86.00 | OK | |
r-release-osx-x86_64 | 2.7-2 | NOTE | ||||
r-oldrel-windows-ix86+x86_64 | 2.7-2 | 5.00 | 93.00 | 98.00 | OK | |
r-oldrel-osx-x86_64 | 2.7-2 | NOTE |
Version: 2.7-2
Check: whether package can be installed
Result: ERROR
Installation failed.
Flavor: r-devel-windows-ix86+x86_64-gcc8
Version: 2.7-2
Check: package dependencies
Result: NOTE
Package suggested but not available for checking: ‘Rmpi’
Flavors: r-release-osx-x86_64, r-oldrel-osx-x86_64