Last updated on 2019-11-26 00:52:03 CET.
Flavor | Version | Tinstall | Tcheck | Ttotal | Status | Flags |
---|---|---|---|---|---|---|
r-devel-linux-x86_64-debian-clang | 2.0.1 | 3.33 | 36.57 | 39.90 | OK | |
r-devel-linux-x86_64-debian-gcc | 2.0.1 | 3.21 | 29.04 | 32.25 | OK | |
r-devel-linux-x86_64-fedora-clang | 2.0.1 | 47.64 | OK | |||
r-devel-linux-x86_64-fedora-gcc | 2.0.1 | 46.85 | OK | |||
r-devel-windows-ix86+x86_64 | 2.0.1 | 14.00 | 55.00 | 69.00 | OK | |
r-devel-windows-ix86+x86_64-gcc8 | 2.0.1 | 9.00 | 58.00 | 67.00 | ERROR | |
r-patched-linux-x86_64 | 2.0.1 | 3.29 | 35.18 | 38.47 | OK | |
r-patched-solaris-x86 | 2.0.1 | 72.40 | OK | |||
r-release-linux-x86_64 | 2.0.1 | 3.03 | 35.61 | 38.64 | OK | |
r-release-windows-ix86+x86_64 | 2.0.1 | 11.00 | 54.00 | 65.00 | OK | |
r-release-osx-x86_64 | 2.0.1 | OK | ||||
r-oldrel-windows-ix86+x86_64 | 2.0.1 | 4.00 | 70.00 | 74.00 | OK | |
r-oldrel-osx-x86_64 | 2.0.1 | OK |
Version: 2.0.1
Check: whether package can be installed
Result: ERROR
Installation failed.
Flavor: r-devel-windows-ix86+x86_64-gcc8