Last updated on 2019-11-26 00:52:03 CET.
Flavor | Version | Tinstall | Tcheck | Ttotal | Status | Flags |
---|---|---|---|---|---|---|
r-devel-linux-x86_64-debian-clang | 1.0.0 | 6.13 | 435.28 | 441.41 | OK | |
r-devel-linux-x86_64-debian-gcc | 1.0.0 | 4.58 | 296.38 | 300.96 | OK | |
r-devel-linux-x86_64-fedora-clang | 1.0.0 | 477.45 | NOTE | |||
r-devel-linux-x86_64-fedora-gcc | 1.0.0 | 461.39 | NOTE | |||
r-devel-windows-ix86+x86_64 | 1.0.0 | 17.00 | 383.00 | 400.00 | OK | |
r-devel-windows-ix86+x86_64-gcc8 | 1.0.0 | 12.00 | 431.00 | 443.00 | OK | |
r-patched-linux-x86_64 | 1.0.0 | 4.09 | 387.14 | 391.23 | OK | |
r-patched-solaris-x86 | 1.0.0 | 862.50 | NOTE | |||
r-release-linux-x86_64 | 1.0.0 | 5.00 | 389.23 | 394.23 | OK | |
r-release-windows-ix86+x86_64 | 1.0.0 | 14.00 | 491.00 | 505.00 | OK | |
r-release-osx-x86_64 | 1.0.0 | NOTE | ||||
r-oldrel-windows-ix86+x86_64 | 1.0.0 | 5.00 | 361.00 | 366.00 | OK | |
r-oldrel-osx-x86_64 | 1.0.0 | NOTE |
Version: 1.0.0
Check: dependencies in R code
Result: NOTE
Namespaces in Imports field not imported from:
‘memisc’ ‘shinyWidgets’
All declared Imports should be used.
Flavors: r-devel-linux-x86_64-fedora-clang, r-devel-linux-x86_64-fedora-gcc, r-patched-solaris-x86, r-release-osx-x86_64, r-oldrel-osx-x86_64