CRAN Package Check Results for Package predictoR

Last updated on 2019-11-26 00:52:03 CET.

Flavor Version Tinstall Tcheck Ttotal Status Flags
r-devel-linux-x86_64-debian-clang 1.1.0 2.41 17.81 20.22 OK
r-devel-linux-x86_64-debian-gcc 1.1.0 1.80 13.98 15.78 OK
r-devel-linux-x86_64-fedora-clang 1.1.0 23.81 NOTE
r-devel-linux-x86_64-fedora-gcc 1.1.0 23.59 NOTE
r-devel-windows-ix86+x86_64 1.1.0 20.00 44.00 64.00 OK
r-devel-windows-ix86+x86_64-gcc8 1.1.0 11.00 32.00 43.00 OK
r-patched-linux-x86_64 1.1.0 1.85 17.07 18.92 OK
r-patched-solaris-x86 1.1.0 38.90 NOTE
r-release-linux-x86_64 1.1.0 1.96 17.19 19.15 OK
r-release-windows-ix86+x86_64 1.1.0 12.00 43.00 55.00 OK
r-release-osx-x86_64 1.1.0 NOTE
r-oldrel-windows-ix86+x86_64 1.1.0 3.00 27.00 30.00 OK
r-oldrel-osx-x86_64 1.1.0 NOTE

Check Details

Version: 1.1.0
Check: dependencies in R code
Result: NOTE
    Namespaces in Imports field not imported from:
     ‘DT’ ‘ROCR’ ‘ada’ ‘colourpicker’ ‘corrplot’ ‘e1071’ ‘flexdashboard’
     ‘glmnet’ ‘kknn’ ‘neuralnet’ ‘randomForest’ ‘rattle’ ‘rpart’
     ‘shinyAce’ ‘shinyWidgets’ ‘shinydashboardPlus’ ‘shinyjs’ ‘tidyverse’
     ‘xgboost’ ‘zip’
     All declared Imports should be used.
Flavors: r-devel-linux-x86_64-fedora-clang, r-devel-linux-x86_64-fedora-gcc, r-patched-solaris-x86, r-release-osx-x86_64, r-oldrel-osx-x86_64